{"id":110,"date":"2023-08-10T10:04:12","date_gmt":"2023-08-10T10:04:12","guid":{"rendered":"https:\/\/fah.is\/wordpress\/?page_id=110"},"modified":"2023-08-10T11:12:00","modified_gmt":"2023-08-10T11:12:00","slug":"einangrun-og-innflutningur","status":"publish","type":"page","link":"https:\/\/fah.is\/wordpress\/einangrun-og-innflutningur\/","title":{"rendered":"Einangrun og innflutningur"},"content":{"rendered":"\n<p>Samkv\u00e6mt l\u00f6gum hafa hundar og kettir \u00feurft a\u00f0 d\u00fasa \u00ed einangrunarst\u00f6\u00f0 \u00ed 4 vikur vi\u00f0 innflutning til \u00cdslands. Hvergi annars sta\u00f0ar \u00ed heiminum eru reglurnar jafn strangar, og reglurnar bygg\u00f0u \u00e1 \u00f3v\u00f6ndu\u00f0u \u00e1h\u00e6ttumati \u00e1 s\u00ednum t\u00edma.<\/p>\n\n\n\n<p>\u00deorger\u00f0ur \u00d6sp Arn\u00fe\u00f3rsd\u00f3ttir og Gu\u00f0finna Kristinsd\u00f3ttir skrifu\u00f0u sk\u00fdrslu fyrir F\u00c1H um innflutning g\u00e6lud\u00fdra til \u00cdslands. Sk\u00fdrslan var birt \u00ed september 2017.<\/p>\n\n\n\n<p>HRF\u00cd haf\u00f0i einnig gagnr\u00fdnt l\u00f6g um innflutning og s\u00ed\u00f0la \u00e1rs 2017 tilkynnti \u00deorger\u00f0ur Katr\u00edn \u00fe\u00e1verandi landb\u00fana\u00f0arr\u00e1\u00f0herra, a\u00f0 Dr.Preben Willeberg, fyrrverandi yfird\u00fdral\u00e6knir \u00ed Danm\u00f6rku, myndi vinna n\u00fdtt \u00e1h\u00e6ttumat fyrir r\u00e1\u00f0uneyti\u00f0.<\/p>\n\n\n\n<p>\u00c1ri\u00f0 2019 var \u00e1h\u00e6ttumati\u00f0 loks tilb\u00fai\u00f0 og \u00ed lok \u00e1rs litu dr\u00f6g a\u00f0 n\u00fdrri regluger\u00f0 um innflutning hunda og katta dagsins lj\u00f3s. \u00d3ska\u00f0 var eftir ums\u00f6gnum og sendi F\u00c1H inn ums\u00f6gn s\u00edna \u00ed jan\u00faar 2020.<\/p>\n\n\n\n<ul class=\"wp-block-list\">\n<li><a href=\"https:\/\/www.stjornarradid.is\/lisalib\/getfile.aspx?itemid=b1231333-b400-11e7-9420-005056bc530c\">Sk\u00fdrsla um innflutning g\u00e6lud\u00fdra til \u00cdslands (2017)<\/a><\/li>\n\n\n\n<li><a href=\"https:\/\/samradsgatt.island.is\/Skrar\/$Cases\/GetCaseFile\/?id=%7b25086f36-3923-ea11-945b-005056850474%7d\">Dr\u00f6g a\u00f0 n\u00fdrri regluger\u00f0 um innflutning hunda og katta (2019)<\/a><\/li>\n\n\n\n<li><a href=\"https:\/\/www.stjornarradid.is\/lisalib\/getfile.aspx?itemid=1b90139e-5f86-11e9-943c-005056bc530c\">Dr.Preben Willeberg: N\u00fdtt \u00e1h\u00e6ttumat (2019)<\/a><\/li>\n\n\n\n<li><a href=\"https:\/\/www.mast.is\/static\/files\/import\/skyrslur\/greinargerd-endurmat-innfl-hunda-katta-2019.pdf\">Sk\u00fdrsla MAST: Endurmat \u00e1 skilyr\u00f0um fyrir innflutningi hunda og katta (2019)<\/a><\/li>\n\n\n\n<li><a href=\"https:\/\/fah.is\/wordpress\/wp-content\/uploads\/2023\/08\/Umsogn_FAH_um_drog_ad_reglugerd_um_innflutning_hunda_og_katta.pdf\">Ums\u00f6gn F\u00c1H um dr\u00f6g a\u00f0 n\u00fdrri regluger\u00f0 (2020)<\/a><\/li>\n<\/ul>\n","protected":false},"excerpt":{"rendered":"<p>Samkv\u00e6mt l\u00f6gum hafa hundar og kettir \u00feurft a\u00f0 d\u00fasa \u00ed einangrunarst\u00f6\u00f0 \u00ed 4 vikur vi\u00f0 innflutning til \u00cdslands. Hvergi annars sta\u00f0ar \u00ed heiminum eru reglurnar jafn strangar, og reglurnar bygg\u00f0u \u00e1 \u00f3v\u00f6ndu\u00f0u \u00e1h\u00e6ttumati \u00e1 s\u00ednum t\u00edma. \u00deorger\u00f0ur \u00d6sp Arn\u00fe\u00f3rsd\u00f3ttir og Gu\u00f0finna Kristinsd\u00f3ttir skrifu\u00f0u sk\u00fdrslu fyrir F\u00c1H um innflutning g\u00e6lud\u00fdra til \u00cdslands. Sk\u00fdrslan var birt \u00ed [&hellip;]<\/p>\n","protected":false},"author":1,"featured_media":0,"parent":0,"menu_order":0,"comment_status":"closed","ping_status":"closed","template":"","meta":{"nf_dc_page":"","om_disable_all_campaigns":false,"footnotes":""},"class_list":["post-110","page","type-page","status-publish","hentry"],"yoast_head":"<!-- This site is optimized with the Yoast SEO plugin v27.4 - https:\/\/yoast.com\/product\/yoast-seo-wordpress\/ -->\n<title>Einangrun og innflutningur - F\u00e9lag \u00e1byrgra hundaeigenda<\/title>\n<meta name=\"robots\" content=\"index, follow, max-snippet:-1, max-image-preview:large, max-video-preview:-1\" \/>\n<link rel=\"canonical\" href=\"https:\/\/fah.is\/wordpress\/einangrun-og-innflutningur\/\" \/>\n<meta property=\"og:locale\" content=\"en_US\" \/>\n<meta property=\"og:type\" content=\"article\" \/>\n<meta property=\"og:title\" content=\"Einangrun og innflutningur - F\u00e9lag \u00e1byrgra hundaeigenda\" \/>\n<meta property=\"og:description\" content=\"Samkv\u00e6mt l\u00f6gum hafa hundar og kettir \u00feurft a\u00f0 d\u00fasa \u00ed einangrunarst\u00f6\u00f0 \u00ed 4 vikur vi\u00f0 innflutning til \u00cdslands. Hvergi annars sta\u00f0ar \u00ed heiminum eru reglurnar jafn strangar, og reglurnar bygg\u00f0u \u00e1 \u00f3v\u00f6ndu\u00f0u \u00e1h\u00e6ttumati \u00e1 s\u00ednum t\u00edma. \u00deorger\u00f0ur \u00d6sp Arn\u00fe\u00f3rsd\u00f3ttir og Gu\u00f0finna Kristinsd\u00f3ttir skrifu\u00f0u sk\u00fdrslu fyrir F\u00c1H um innflutning g\u00e6lud\u00fdra til \u00cdslands. Sk\u00fdrslan var birt \u00ed [&hellip;]\" \/>\n<meta property=\"og:url\" content=\"https:\/\/fah.is\/wordpress\/einangrun-og-innflutningur\/\" \/>\n<meta property=\"og:site_name\" content=\"F\u00e9lag \u00e1byrgra hundaeigenda\" \/>\n<meta property=\"article:modified_time\" content=\"2023-08-10T11:12:00+00:00\" \/>\n<meta name=\"twitter:card\" content=\"summary_large_image\" \/>\n<meta name=\"twitter:label1\" content=\"Est. reading time\" \/>\n\t<meta name=\"twitter:data1\" content=\"1 minute\" \/>\n<script type=\"application\/ld+json\" class=\"yoast-schema-graph\">{\"@context\":\"https:\\\/\\\/schema.org\",\"@graph\":[{\"@type\":\"WebPage\",\"@id\":\"https:\\\/\\\/fah.is\\\/wordpress\\\/einangrun-og-innflutningur\\\/\",\"url\":\"https:\\\/\\\/fah.is\\\/wordpress\\\/einangrun-og-innflutningur\\\/\",\"name\":\"Einangrun og innflutningur - F\u00e9lag \u00e1byrgra hundaeigenda\",\"isPartOf\":{\"@id\":\"http:\\\/\\\/fah.is\\\/wordpress\\\/#website\"},\"datePublished\":\"2023-08-10T10:04:12+00:00\",\"dateModified\":\"2023-08-10T11:12:00+00:00\",\"breadcrumb\":{\"@id\":\"https:\\\/\\\/fah.is\\\/wordpress\\\/einangrun-og-innflutningur\\\/#breadcrumb\"},\"inLanguage\":\"en-US\",\"potentialAction\":[{\"@type\":\"ReadAction\",\"target\":[\"https:\\\/\\\/fah.is\\\/wordpress\\\/einangrun-og-innflutningur\\\/\"]}]},{\"@type\":\"BreadcrumbList\",\"@id\":\"https:\\\/\\\/fah.is\\\/wordpress\\\/einangrun-og-innflutningur\\\/#breadcrumb\",\"itemListElement\":[{\"@type\":\"ListItem\",\"position\":1,\"name\":\"Home\",\"item\":\"https:\\\/\\\/fah.is\\\/wordpress\\\/\"},{\"@type\":\"ListItem\",\"position\":2,\"name\":\"Einangrun og innflutningur\"}]},{\"@type\":\"WebSite\",\"@id\":\"http:\\\/\\\/fah.is\\\/wordpress\\\/#website\",\"url\":\"http:\\\/\\\/fah.is\\\/wordpress\\\/\",\"name\":\"F\u00e9lag \u00e1byrgra hundaeigenda\",\"description\":\"Vefs\u00ed\u00f0a F\u00e9lags \u00e1byrgra hundaeigenda\",\"publisher\":{\"@id\":\"http:\\\/\\\/fah.is\\\/wordpress\\\/#organization\"},\"potentialAction\":[{\"@type\":\"SearchAction\",\"target\":{\"@type\":\"EntryPoint\",\"urlTemplate\":\"http:\\\/\\\/fah.is\\\/wordpress\\\/?s={search_term_string}\"},\"query-input\":{\"@type\":\"PropertyValueSpecification\",\"valueRequired\":true,\"valueName\":\"search_term_string\"}}],\"inLanguage\":\"en-US\"},{\"@type\":\"Organization\",\"@id\":\"http:\\\/\\\/fah.is\\\/wordpress\\\/#organization\",\"name\":\"F\u00e9lag \u00e1byrgra hundaeigenda\",\"url\":\"http:\\\/\\\/fah.is\\\/wordpress\\\/\",\"logo\":{\"@type\":\"ImageObject\",\"inLanguage\":\"en-US\",\"@id\":\"http:\\\/\\\/fah.is\\\/wordpress\\\/#\\\/schema\\\/logo\\\/image\\\/\",\"url\":\"https:\\\/\\\/i0.wp.com\\\/fah.is\\\/wordpress\\\/wp-content\\\/uploads\\\/2023\\\/01\\\/fah-hringur-white-shadow.png?fit=822%2C873&ssl=1\",\"contentUrl\":\"https:\\\/\\\/i0.wp.com\\\/fah.is\\\/wordpress\\\/wp-content\\\/uploads\\\/2023\\\/01\\\/fah-hringur-white-shadow.png?fit=822%2C873&ssl=1\",\"width\":822,\"height\":873,\"caption\":\"F\u00e9lag \u00e1byrgra hundaeigenda\"},\"image\":{\"@id\":\"http:\\\/\\\/fah.is\\\/wordpress\\\/#\\\/schema\\\/logo\\\/image\\\/\"}}]}<\/script>\n<!-- \/ Yoast SEO plugin. -->","yoast_head_json":{"title":"Einangrun og innflutningur - F\u00e9lag \u00e1byrgra hundaeigenda","robots":{"index":"index","follow":"follow","max-snippet":"max-snippet:-1","max-image-preview":"max-image-preview:large","max-video-preview":"max-video-preview:-1"},"canonical":"https:\/\/fah.is\/wordpress\/einangrun-og-innflutningur\/","og_locale":"en_US","og_type":"article","og_title":"Einangrun og innflutningur - F\u00e9lag \u00e1byrgra hundaeigenda","og_description":"Samkv\u00e6mt l\u00f6gum hafa hundar og kettir \u00feurft a\u00f0 d\u00fasa \u00ed einangrunarst\u00f6\u00f0 \u00ed 4 vikur vi\u00f0 innflutning til \u00cdslands. Hvergi annars sta\u00f0ar \u00ed heiminum eru reglurnar jafn strangar, og reglurnar bygg\u00f0u \u00e1 \u00f3v\u00f6ndu\u00f0u \u00e1h\u00e6ttumati \u00e1 s\u00ednum t\u00edma. \u00deorger\u00f0ur \u00d6sp Arn\u00fe\u00f3rsd\u00f3ttir og Gu\u00f0finna Kristinsd\u00f3ttir skrifu\u00f0u sk\u00fdrslu fyrir F\u00c1H um innflutning g\u00e6lud\u00fdra til \u00cdslands. Sk\u00fdrslan var birt \u00ed [&hellip;]","og_url":"https:\/\/fah.is\/wordpress\/einangrun-og-innflutningur\/","og_site_name":"F\u00e9lag \u00e1byrgra hundaeigenda","article_modified_time":"2023-08-10T11:12:00+00:00","twitter_card":"summary_large_image","twitter_misc":{"Est. reading time":"1 minute"},"schema":{"@context":"https:\/\/schema.org","@graph":[{"@type":"WebPage","@id":"https:\/\/fah.is\/wordpress\/einangrun-og-innflutningur\/","url":"https:\/\/fah.is\/wordpress\/einangrun-og-innflutningur\/","name":"Einangrun og innflutningur - F\u00e9lag \u00e1byrgra hundaeigenda","isPartOf":{"@id":"http:\/\/fah.is\/wordpress\/#website"},"datePublished":"2023-08-10T10:04:12+00:00","dateModified":"2023-08-10T11:12:00+00:00","breadcrumb":{"@id":"https:\/\/fah.is\/wordpress\/einangrun-og-innflutningur\/#breadcrumb"},"inLanguage":"en-US","potentialAction":[{"@type":"ReadAction","target":["https:\/\/fah.is\/wordpress\/einangrun-og-innflutningur\/"]}]},{"@type":"BreadcrumbList","@id":"https:\/\/fah.is\/wordpress\/einangrun-og-innflutningur\/#breadcrumb","itemListElement":[{"@type":"ListItem","position":1,"name":"Home","item":"https:\/\/fah.is\/wordpress\/"},{"@type":"ListItem","position":2,"name":"Einangrun og innflutningur"}]},{"@type":"WebSite","@id":"http:\/\/fah.is\/wordpress\/#website","url":"http:\/\/fah.is\/wordpress\/","name":"F\u00e9lag \u00e1byrgra hundaeigenda","description":"Vefs\u00ed\u00f0a F\u00e9lags \u00e1byrgra hundaeigenda","publisher":{"@id":"http:\/\/fah.is\/wordpress\/#organization"},"potentialAction":[{"@type":"SearchAction","target":{"@type":"EntryPoint","urlTemplate":"http:\/\/fah.is\/wordpress\/?s={search_term_string}"},"query-input":{"@type":"PropertyValueSpecification","valueRequired":true,"valueName":"search_term_string"}}],"inLanguage":"en-US"},{"@type":"Organization","@id":"http:\/\/fah.is\/wordpress\/#organization","name":"F\u00e9lag \u00e1byrgra hundaeigenda","url":"http:\/\/fah.is\/wordpress\/","logo":{"@type":"ImageObject","inLanguage":"en-US","@id":"http:\/\/fah.is\/wordpress\/#\/schema\/logo\/image\/","url":"https:\/\/i0.wp.com\/fah.is\/wordpress\/wp-content\/uploads\/2023\/01\/fah-hringur-white-shadow.png?fit=822%2C873&ssl=1","contentUrl":"https:\/\/i0.wp.com\/fah.is\/wordpress\/wp-content\/uploads\/2023\/01\/fah-hringur-white-shadow.png?fit=822%2C873&ssl=1","width":822,"height":873,"caption":"F\u00e9lag \u00e1byrgra hundaeigenda"},"image":{"@id":"http:\/\/fah.is\/wordpress\/#\/schema\/logo\/image\/"}}]}},"jetpack_sharing_enabled":true,"_links":{"self":[{"href":"https:\/\/fah.is\/wordpress\/wp-json\/wp\/v2\/pages\/110","targetHints":{"allow":["GET"]}}],"collection":[{"href":"https:\/\/fah.is\/wordpress\/wp-json\/wp\/v2\/pages"}],"about":[{"href":"https:\/\/fah.is\/wordpress\/wp-json\/wp\/v2\/types\/page"}],"author":[{"embeddable":true,"href":"https:\/\/fah.is\/wordpress\/wp-json\/wp\/v2\/users\/1"}],"replies":[{"embeddable":true,"href":"https:\/\/fah.is\/wordpress\/wp-json\/wp\/v2\/comments?post=110"}],"version-history":[{"count":3,"href":"https:\/\/fah.is\/wordpress\/wp-json\/wp\/v2\/pages\/110\/revisions"}],"predecessor-version":[{"id":171,"href":"https:\/\/fah.is\/wordpress\/wp-json\/wp\/v2\/pages\/110\/revisions\/171"}],"wp:attachment":[{"href":"https:\/\/fah.is\/wordpress\/wp-json\/wp\/v2\/media?parent=110"}],"curies":[{"name":"wp","href":"https:\/\/api.w.org\/{rel}","templated":true}]}}