{"id":106,"date":"2023-08-10T10:03:33","date_gmt":"2023-08-10T10:03:33","guid":{"rendered":"https:\/\/fah.is\/wordpress\/?page_id=106"},"modified":"2023-08-10T11:05:17","modified_gmt":"2023-08-10T11:05:17","slug":"hundasvaedi-og-hundagerdi","status":"publish","type":"page","link":"https:\/\/fah.is\/wordpress\/hundasvaedi-og-hundagerdi\/","title":{"rendered":"Hundasv\u00e6\u00f0i og hundager\u00f0i"},"content":{"rendered":"\n<p>F\u00e9lag \u00e1byrgra hundaeigenda var stofna\u00f0 2012 af hundaeigendum sem bjuggu n\u00e1l\u00e6gt Klambrat\u00fani \u00ed Reykjav\u00edk. Fyrsta markmi\u00f0 f\u00e9lagsins var a\u00f0 koma upp hundager\u00f0i \u00e1 Klambrat\u00fani, en s\u00fa hugmynd m\u00e6tti mikilli andst\u00f6\u00f0u hverfisr\u00e1\u00f0s og hefur ekki enn or\u00f0i\u00f0 a\u00f0 veruleika \u00fer\u00e1tt fyrir a\u00f0 hugmyndin hafi hloti\u00f0 kosningu hj\u00e1 Betri Reykjav\u00edk \u00e1 s\u00ednum t\u00edma.<br>Markmi\u00f0 f\u00e9lagsins \u00fer\u00f3u\u00f0ust yfir \u00ed a\u00f0 koma upp hundager\u00f0um \u00ed \u00f6llum hverfum borgarinnar, og hundasv\u00e6\u00f0um \u00ed st\u00e6rstu sveitarf\u00e9l\u00f6gum landsins. 3 n\u00fd hundager\u00f0i voru sam\u00feykkt \u00ed Reykjav\u00edk sama \u00e1r og f\u00e9lagi\u00f0 var stofna\u00f0, og F\u00c1H kom \u00e1 framf\u00e6ri r\u00e1\u00f0leggingum var\u00f0andi h\u00f6nnun ger\u00f0anna. En \u00fear sem f\u00e9lagi\u00f0 var n\u00fdtt og ekki b\u00fai\u00f0 a\u00f0 festa sig \u00ed sessi, var ekki hlusta\u00f0 \u00e1 F\u00c1H, og \u00fea\u00f0 spruttu upp 3 hundager\u00f0i vi\u00f0 BS\u00cd, \u00ed Laugardag og \u00ed Brei\u00f0holti. Ger\u00f0in voru allt of l\u00edtil, me\u00f0 einf\u00f6ldu hli\u00f0i, me\u00f0 sl\u00e6mt undirlag og ekki hundheld. Eftir \u00e1bendingar F\u00c1H voru ger\u00f0in lagf\u00e6r\u00f0, \u00feannig a\u00f0 hundar slyppu allavega ekki \u00fat me\u00f0 g\u00f3\u00f0u m\u00f3ti.<br>\u00cd \u00e1ranna r\u00e1s hefur F\u00c1H fest sig betur \u00ed sessi, og fari\u00f0 \u00e1 fj\u00f6lmarga fundi og veri\u00f0 \u00ed samskiptum vi\u00f0 Reykjav\u00edkurborg. N\u00fd ger\u00f0i hafa n\u00fdlega veri\u00f0 h\u00f6nnu\u00f0 fyrir \u00f6nnur hverfi \u00ed Reykjav\u00edk, og \u00ed \u00feetta sinn veri\u00f0 teki\u00f0 tillit til r\u00e1\u00f0legginga F\u00c1H, t.d. a\u00f0 hafa tv\u00f6falt hli\u00f0. Einnig hefur veri\u00f0 skipt um undirlag \u00ed g\u00f6mlu ger\u00f0unum, og Reykjav\u00edkurborg greiddi efniskostna\u00f0 vi\u00f0 leikt\u00e6ki sem F\u00c1H setti upp \u00ed ger\u00f0unum sumari\u00f0 2019.<\/p>\n\n\n\n<figure class=\"wp-block-image size-full is-resized\"><img data-recalc-dims=\"1\" fetchpriority=\"high\" decoding=\"async\" src=\"https:\/\/i0.wp.com\/fah.is\/wordpress\/wp-content\/uploads\/2023\/08\/hundagerdi1.jpg?resize=795%2C519&#038;ssl=1\" alt=\"\" class=\"wp-image-163\" style=\"width:795px;height:519px\" width=\"795\" height=\"519\"\/><\/figure>\n\n\n\n<figure class=\"wp-block-image size-full\"><img data-recalc-dims=\"1\" decoding=\"async\" width=\"685\" height=\"514\" src=\"https:\/\/i0.wp.com\/fah.is\/wordpress\/wp-content\/uploads\/2023\/08\/hundagerdi2.jpg?resize=685%2C514&#038;ssl=1\" alt=\"\" class=\"wp-image-164\" srcset=\"https:\/\/i0.wp.com\/fah.is\/wordpress\/wp-content\/uploads\/2023\/08\/hundagerdi2.jpg?w=685&amp;ssl=1 685w, https:\/\/i0.wp.com\/fah.is\/wordpress\/wp-content\/uploads\/2023\/08\/hundagerdi2.jpg?resize=300%2C225&amp;ssl=1 300w\" sizes=\"(max-width: 685px) 100vw, 685px\" \/><\/figure>\n","protected":false},"excerpt":{"rendered":"<p>F\u00e9lag \u00e1byrgra hundaeigenda var stofna\u00f0 2012 af hundaeigendum sem bjuggu n\u00e1l\u00e6gt Klambrat\u00fani \u00ed Reykjav\u00edk. Fyrsta markmi\u00f0 f\u00e9lagsins var a\u00f0 koma upp hundager\u00f0i \u00e1 Klambrat\u00fani, en s\u00fa hugmynd m\u00e6tti mikilli andst\u00f6\u00f0u hverfisr\u00e1\u00f0s og hefur ekki enn or\u00f0i\u00f0 a\u00f0 veruleika \u00fer\u00e1tt fyrir a\u00f0 hugmyndin hafi hloti\u00f0 kosningu hj\u00e1 Betri Reykjav\u00edk \u00e1 s\u00ednum t\u00edma.Markmi\u00f0 f\u00e9lagsins \u00fer\u00f3u\u00f0ust yfir \u00ed [&hellip;]<\/p>\n","protected":false},"author":1,"featured_media":0,"parent":0,"menu_order":0,"comment_status":"closed","ping_status":"closed","template":"","meta":{"nf_dc_page":"","om_disable_all_campaigns":false,"footnotes":""},"class_list":["post-106","page","type-page","status-publish","hentry"],"yoast_head":"<!-- This site is optimized with the Yoast SEO plugin v27.4 - https:\/\/yoast.com\/product\/yoast-seo-wordpress\/ -->\n<title>Hundasv\u00e6\u00f0i og hundager\u00f0i - F\u00e9lag \u00e1byrgra hundaeigenda<\/title>\n<meta name=\"robots\" content=\"index, follow, max-snippet:-1, max-image-preview:large, max-video-preview:-1\" \/>\n<link rel=\"canonical\" href=\"https:\/\/fah.is\/wordpress\/hundasvaedi-og-hundagerdi\/\" \/>\n<meta property=\"og:locale\" content=\"en_US\" \/>\n<meta property=\"og:type\" content=\"article\" \/>\n<meta property=\"og:title\" content=\"Hundasv\u00e6\u00f0i og hundager\u00f0i - F\u00e9lag \u00e1byrgra hundaeigenda\" \/>\n<meta property=\"og:description\" content=\"F\u00e9lag \u00e1byrgra hundaeigenda var stofna\u00f0 2012 af hundaeigendum sem bjuggu n\u00e1l\u00e6gt Klambrat\u00fani \u00ed Reykjav\u00edk. Fyrsta markmi\u00f0 f\u00e9lagsins var a\u00f0 koma upp hundager\u00f0i \u00e1 Klambrat\u00fani, en s\u00fa hugmynd m\u00e6tti mikilli andst\u00f6\u00f0u hverfisr\u00e1\u00f0s og hefur ekki enn or\u00f0i\u00f0 a\u00f0 veruleika \u00fer\u00e1tt fyrir a\u00f0 hugmyndin hafi hloti\u00f0 kosningu hj\u00e1 Betri Reykjav\u00edk \u00e1 s\u00ednum t\u00edma.Markmi\u00f0 f\u00e9lagsins \u00fer\u00f3u\u00f0ust yfir \u00ed [&hellip;]\" \/>\n<meta property=\"og:url\" content=\"https:\/\/fah.is\/wordpress\/hundasvaedi-og-hundagerdi\/\" \/>\n<meta property=\"og:site_name\" content=\"F\u00e9lag \u00e1byrgra hundaeigenda\" \/>\n<meta property=\"article:modified_time\" content=\"2023-08-10T11:05:17+00:00\" \/>\n<meta property=\"og:image\" content=\"https:\/\/fah.is\/wordpress\/wp-content\/uploads\/2023\/08\/hundagerdi1.jpg\" \/>\n<meta name=\"twitter:card\" content=\"summary_large_image\" \/>\n<meta name=\"twitter:label1\" content=\"Est. reading time\" \/>\n\t<meta name=\"twitter:data1\" content=\"2 minutes\" \/>\n<script type=\"application\/ld+json\" class=\"yoast-schema-graph\">{\"@context\":\"https:\\\/\\\/schema.org\",\"@graph\":[{\"@type\":\"WebPage\",\"@id\":\"https:\\\/\\\/fah.is\\\/wordpress\\\/hundasvaedi-og-hundagerdi\\\/\",\"url\":\"https:\\\/\\\/fah.is\\\/wordpress\\\/hundasvaedi-og-hundagerdi\\\/\",\"name\":\"Hundasv\u00e6\u00f0i og hundager\u00f0i - F\u00e9lag \u00e1byrgra hundaeigenda\",\"isPartOf\":{\"@id\":\"http:\\\/\\\/fah.is\\\/wordpress\\\/#website\"},\"primaryImageOfPage\":{\"@id\":\"https:\\\/\\\/fah.is\\\/wordpress\\\/hundasvaedi-og-hundagerdi\\\/#primaryimage\"},\"image\":{\"@id\":\"https:\\\/\\\/fah.is\\\/wordpress\\\/hundasvaedi-og-hundagerdi\\\/#primaryimage\"},\"thumbnailUrl\":\"https:\\\/\\\/fah.is\\\/wordpress\\\/wp-content\\\/uploads\\\/2023\\\/08\\\/hundagerdi1.jpg\",\"datePublished\":\"2023-08-10T10:03:33+00:00\",\"dateModified\":\"2023-08-10T11:05:17+00:00\",\"breadcrumb\":{\"@id\":\"https:\\\/\\\/fah.is\\\/wordpress\\\/hundasvaedi-og-hundagerdi\\\/#breadcrumb\"},\"inLanguage\":\"en-US\",\"potentialAction\":[{\"@type\":\"ReadAction\",\"target\":[\"https:\\\/\\\/fah.is\\\/wordpress\\\/hundasvaedi-og-hundagerdi\\\/\"]}]},{\"@type\":\"ImageObject\",\"inLanguage\":\"en-US\",\"@id\":\"https:\\\/\\\/fah.is\\\/wordpress\\\/hundasvaedi-og-hundagerdi\\\/#primaryimage\",\"url\":\"https:\\\/\\\/fah.is\\\/wordpress\\\/wp-content\\\/uploads\\\/2023\\\/08\\\/hundagerdi1.jpg\",\"contentUrl\":\"https:\\\/\\\/fah.is\\\/wordpress\\\/wp-content\\\/uploads\\\/2023\\\/08\\\/hundagerdi1.jpg\"},{\"@type\":\"BreadcrumbList\",\"@id\":\"https:\\\/\\\/fah.is\\\/wordpress\\\/hundasvaedi-og-hundagerdi\\\/#breadcrumb\",\"itemListElement\":[{\"@type\":\"ListItem\",\"position\":1,\"name\":\"Home\",\"item\":\"https:\\\/\\\/fah.is\\\/wordpress\\\/\"},{\"@type\":\"ListItem\",\"position\":2,\"name\":\"Hundasv\u00e6\u00f0i og hundager\u00f0i\"}]},{\"@type\":\"WebSite\",\"@id\":\"http:\\\/\\\/fah.is\\\/wordpress\\\/#website\",\"url\":\"http:\\\/\\\/fah.is\\\/wordpress\\\/\",\"name\":\"F\u00e9lag \u00e1byrgra hundaeigenda\",\"description\":\"Vefs\u00ed\u00f0a F\u00e9lags \u00e1byrgra hundaeigenda\",\"publisher\":{\"@id\":\"http:\\\/\\\/fah.is\\\/wordpress\\\/#organization\"},\"potentialAction\":[{\"@type\":\"SearchAction\",\"target\":{\"@type\":\"EntryPoint\",\"urlTemplate\":\"http:\\\/\\\/fah.is\\\/wordpress\\\/?s={search_term_string}\"},\"query-input\":{\"@type\":\"PropertyValueSpecification\",\"valueRequired\":true,\"valueName\":\"search_term_string\"}}],\"inLanguage\":\"en-US\"},{\"@type\":\"Organization\",\"@id\":\"http:\\\/\\\/fah.is\\\/wordpress\\\/#organization\",\"name\":\"F\u00e9lag \u00e1byrgra hundaeigenda\",\"url\":\"http:\\\/\\\/fah.is\\\/wordpress\\\/\",\"logo\":{\"@type\":\"ImageObject\",\"inLanguage\":\"en-US\",\"@id\":\"http:\\\/\\\/fah.is\\\/wordpress\\\/#\\\/schema\\\/logo\\\/image\\\/\",\"url\":\"https:\\\/\\\/i0.wp.com\\\/fah.is\\\/wordpress\\\/wp-content\\\/uploads\\\/2023\\\/01\\\/fah-hringur-white-shadow.png?fit=822%2C873&ssl=1\",\"contentUrl\":\"https:\\\/\\\/i0.wp.com\\\/fah.is\\\/wordpress\\\/wp-content\\\/uploads\\\/2023\\\/01\\\/fah-hringur-white-shadow.png?fit=822%2C873&ssl=1\",\"width\":822,\"height\":873,\"caption\":\"F\u00e9lag \u00e1byrgra hundaeigenda\"},\"image\":{\"@id\":\"http:\\\/\\\/fah.is\\\/wordpress\\\/#\\\/schema\\\/logo\\\/image\\\/\"}}]}<\/script>\n<!-- \/ Yoast SEO plugin. -->","yoast_head_json":{"title":"Hundasv\u00e6\u00f0i og hundager\u00f0i - F\u00e9lag \u00e1byrgra hundaeigenda","robots":{"index":"index","follow":"follow","max-snippet":"max-snippet:-1","max-image-preview":"max-image-preview:large","max-video-preview":"max-video-preview:-1"},"canonical":"https:\/\/fah.is\/wordpress\/hundasvaedi-og-hundagerdi\/","og_locale":"en_US","og_type":"article","og_title":"Hundasv\u00e6\u00f0i og hundager\u00f0i - F\u00e9lag \u00e1byrgra hundaeigenda","og_description":"F\u00e9lag \u00e1byrgra hundaeigenda var stofna\u00f0 2012 af hundaeigendum sem bjuggu n\u00e1l\u00e6gt Klambrat\u00fani \u00ed Reykjav\u00edk. Fyrsta markmi\u00f0 f\u00e9lagsins var a\u00f0 koma upp hundager\u00f0i \u00e1 Klambrat\u00fani, en s\u00fa hugmynd m\u00e6tti mikilli andst\u00f6\u00f0u hverfisr\u00e1\u00f0s og hefur ekki enn or\u00f0i\u00f0 a\u00f0 veruleika \u00fer\u00e1tt fyrir a\u00f0 hugmyndin hafi hloti\u00f0 kosningu hj\u00e1 Betri Reykjav\u00edk \u00e1 s\u00ednum t\u00edma.Markmi\u00f0 f\u00e9lagsins \u00fer\u00f3u\u00f0ust yfir \u00ed [&hellip;]","og_url":"https:\/\/fah.is\/wordpress\/hundasvaedi-og-hundagerdi\/","og_site_name":"F\u00e9lag \u00e1byrgra hundaeigenda","article_modified_time":"2023-08-10T11:05:17+00:00","og_image":[{"url":"https:\/\/fah.is\/wordpress\/wp-content\/uploads\/2023\/08\/hundagerdi1.jpg","type":"","width":"","height":""}],"twitter_card":"summary_large_image","twitter_misc":{"Est. reading time":"2 minutes"},"schema":{"@context":"https:\/\/schema.org","@graph":[{"@type":"WebPage","@id":"https:\/\/fah.is\/wordpress\/hundasvaedi-og-hundagerdi\/","url":"https:\/\/fah.is\/wordpress\/hundasvaedi-og-hundagerdi\/","name":"Hundasv\u00e6\u00f0i og hundager\u00f0i - F\u00e9lag \u00e1byrgra hundaeigenda","isPartOf":{"@id":"http:\/\/fah.is\/wordpress\/#website"},"primaryImageOfPage":{"@id":"https:\/\/fah.is\/wordpress\/hundasvaedi-og-hundagerdi\/#primaryimage"},"image":{"@id":"https:\/\/fah.is\/wordpress\/hundasvaedi-og-hundagerdi\/#primaryimage"},"thumbnailUrl":"https:\/\/fah.is\/wordpress\/wp-content\/uploads\/2023\/08\/hundagerdi1.jpg","datePublished":"2023-08-10T10:03:33+00:00","dateModified":"2023-08-10T11:05:17+00:00","breadcrumb":{"@id":"https:\/\/fah.is\/wordpress\/hundasvaedi-og-hundagerdi\/#breadcrumb"},"inLanguage":"en-US","potentialAction":[{"@type":"ReadAction","target":["https:\/\/fah.is\/wordpress\/hundasvaedi-og-hundagerdi\/"]}]},{"@type":"ImageObject","inLanguage":"en-US","@id":"https:\/\/fah.is\/wordpress\/hundasvaedi-og-hundagerdi\/#primaryimage","url":"https:\/\/fah.is\/wordpress\/wp-content\/uploads\/2023\/08\/hundagerdi1.jpg","contentUrl":"https:\/\/fah.is\/wordpress\/wp-content\/uploads\/2023\/08\/hundagerdi1.jpg"},{"@type":"BreadcrumbList","@id":"https:\/\/fah.is\/wordpress\/hundasvaedi-og-hundagerdi\/#breadcrumb","itemListElement":[{"@type":"ListItem","position":1,"name":"Home","item":"https:\/\/fah.is\/wordpress\/"},{"@type":"ListItem","position":2,"name":"Hundasv\u00e6\u00f0i og hundager\u00f0i"}]},{"@type":"WebSite","@id":"http:\/\/fah.is\/wordpress\/#website","url":"http:\/\/fah.is\/wordpress\/","name":"F\u00e9lag \u00e1byrgra hundaeigenda","description":"Vefs\u00ed\u00f0a F\u00e9lags \u00e1byrgra hundaeigenda","publisher":{"@id":"http:\/\/fah.is\/wordpress\/#organization"},"potentialAction":[{"@type":"SearchAction","target":{"@type":"EntryPoint","urlTemplate":"http:\/\/fah.is\/wordpress\/?s={search_term_string}"},"query-input":{"@type":"PropertyValueSpecification","valueRequired":true,"valueName":"search_term_string"}}],"inLanguage":"en-US"},{"@type":"Organization","@id":"http:\/\/fah.is\/wordpress\/#organization","name":"F\u00e9lag \u00e1byrgra hundaeigenda","url":"http:\/\/fah.is\/wordpress\/","logo":{"@type":"ImageObject","inLanguage":"en-US","@id":"http:\/\/fah.is\/wordpress\/#\/schema\/logo\/image\/","url":"https:\/\/i0.wp.com\/fah.is\/wordpress\/wp-content\/uploads\/2023\/01\/fah-hringur-white-shadow.png?fit=822%2C873&ssl=1","contentUrl":"https:\/\/i0.wp.com\/fah.is\/wordpress\/wp-content\/uploads\/2023\/01\/fah-hringur-white-shadow.png?fit=822%2C873&ssl=1","width":822,"height":873,"caption":"F\u00e9lag \u00e1byrgra hundaeigenda"},"image":{"@id":"http:\/\/fah.is\/wordpress\/#\/schema\/logo\/image\/"}}]}},"jetpack_sharing_enabled":true,"_links":{"self":[{"href":"https:\/\/fah.is\/wordpress\/wp-json\/wp\/v2\/pages\/106","targetHints":{"allow":["GET"]}}],"collection":[{"href":"https:\/\/fah.is\/wordpress\/wp-json\/wp\/v2\/pages"}],"about":[{"href":"https:\/\/fah.is\/wordpress\/wp-json\/wp\/v2\/types\/page"}],"author":[{"embeddable":true,"href":"https:\/\/fah.is\/wordpress\/wp-json\/wp\/v2\/users\/1"}],"replies":[{"embeddable":true,"href":"https:\/\/fah.is\/wordpress\/wp-json\/wp\/v2\/comments?post=106"}],"version-history":[{"count":2,"href":"https:\/\/fah.is\/wordpress\/wp-json\/wp\/v2\/pages\/106\/revisions"}],"predecessor-version":[{"id":166,"href":"https:\/\/fah.is\/wordpress\/wp-json\/wp\/v2\/pages\/106\/revisions\/166"}],"wp:attachment":[{"href":"https:\/\/fah.is\/wordpress\/wp-json\/wp\/v2\/media?parent=106"}],"curies":[{"name":"wp","href":"https:\/\/api.w.org\/{rel}","templated":true}]}}