{"id":104,"date":"2023-08-10T10:03:07","date_gmt":"2023-08-10T10:03:07","guid":{"rendered":"https:\/\/fah.is\/wordpress\/?page_id=104"},"modified":"2023-08-10T23:56:13","modified_gmt":"2023-08-10T23:56:13","slug":"hundaleyfisgjold","status":"publish","type":"page","link":"https:\/\/fah.is\/wordpress\/hundaleyfisgjold\/","title":{"rendered":"Hundaleyfisgj\u00f6ld"},"content":{"rendered":"\n<p>F\u00c1H hefur fr\u00e1 upphafi sko\u00f0a\u00f0 b\u00f3khald sveitarf\u00e9laga hva\u00f0 var\u00f0ar hundaleyfisgj\u00f6ld. Stj\u00f3rn F\u00c1H hefur gagnr\u00fdnt \u00fdmsa kostna\u00f0arli\u00f0i en kostna\u00f0ur vi\u00f0 hundaeftirlit er grunsamlega h\u00e1r mi\u00f0a\u00f0 vi\u00f0 verkefni.<\/p>\n\n\n\n<ul class=\"wp-block-list\">\n<li><a href=\"https:\/\/fah.is\/wordpress\/fah-malthing-2020-hvert-for-milljardurinn\/\">Hvert f\u00f3r milljar\u00f0urinn<\/a><\/li>\n\n\n\n<li><a href=\"https:\/\/fah.is\/wordpress\/fah-malthing-2020-haldid-i-gislingu-af-hundaeftirlitinu\/\">G\u00edslataka<\/a><\/li>\n\n\n\n<li><a href=\"https:\/\/fah.is\/wordpress\/2023\/08\/10\/halfa-milljon-kostar-ad-fanga-hvern-hund-i-reykjavik\/\">H\u00e1lfa millj\u00f3n kostar a\u00f0 fanga hvern hund \u00ed Reykjav\u00edk<\/a><\/li>\n\n\n\n<li><a href=\"https:\/\/fah.is\/wordpress\/2023\/08\/10\/gallad-islenskt-hundaeftirlit-hvernig-er-thetta-i-odrum-londum\/\">Galla\u00f0 \u00edslenskt hundaeftirlit \u2013 Hvernig er \u00feetta \u00ed \u00f6\u00f0rum l\u00f6ndum<\/a><\/li>\n\n\n\n<li><a href=\"https:\/\/fah.is\/wordpress\/2023\/08\/10\/felag-abyrgra-hundaeigenda-svarar-heilbrigdiseftirliti-reykjavikur\/\">F\u00e9lag \u00e1byrgra hundaeigenda svarar heilbrig\u00f0iseftirliti Reykjav\u00edkur<\/a><\/li>\n<\/ul>\n","protected":false},"excerpt":{"rendered":"<p>F\u00c1H hefur fr\u00e1 upphafi sko\u00f0a\u00f0 b\u00f3khald sveitarf\u00e9laga hva\u00f0 var\u00f0ar hundaleyfisgj\u00f6ld. Stj\u00f3rn F\u00c1H hefur gagnr\u00fdnt \u00fdmsa kostna\u00f0arli\u00f0i en kostna\u00f0ur vi\u00f0 hundaeftirlit er grunsamlega h\u00e1r mi\u00f0a\u00f0 vi\u00f0 verkefni.<\/p>\n","protected":false},"author":1,"featured_media":0,"parent":0,"menu_order":0,"comment_status":"closed","ping_status":"closed","template":"","meta":{"nf_dc_page":"","om_disable_all_campaigns":false,"footnotes":""},"class_list":["post-104","page","type-page","status-publish","hentry"],"yoast_head":"<!-- This site is optimized with the Yoast SEO plugin v27.4 - https:\/\/yoast.com\/product\/yoast-seo-wordpress\/ -->\n<title>Hundaleyfisgj\u00f6ld - F\u00e9lag \u00e1byrgra hundaeigenda<\/title>\n<meta name=\"robots\" content=\"index, follow, max-snippet:-1, max-image-preview:large, max-video-preview:-1\" \/>\n<link rel=\"canonical\" href=\"https:\/\/fah.is\/wordpress\/hundaleyfisgjold\/\" \/>\n<meta property=\"og:locale\" content=\"en_US\" \/>\n<meta property=\"og:type\" content=\"article\" \/>\n<meta property=\"og:title\" content=\"Hundaleyfisgj\u00f6ld - F\u00e9lag \u00e1byrgra hundaeigenda\" \/>\n<meta property=\"og:description\" content=\"F\u00c1H hefur fr\u00e1 upphafi sko\u00f0a\u00f0 b\u00f3khald sveitarf\u00e9laga hva\u00f0 var\u00f0ar hundaleyfisgj\u00f6ld. Stj\u00f3rn F\u00c1H hefur gagnr\u00fdnt \u00fdmsa kostna\u00f0arli\u00f0i en kostna\u00f0ur vi\u00f0 hundaeftirlit er grunsamlega h\u00e1r mi\u00f0a\u00f0 vi\u00f0 verkefni.\" \/>\n<meta property=\"og:url\" content=\"https:\/\/fah.is\/wordpress\/hundaleyfisgjold\/\" \/>\n<meta property=\"og:site_name\" content=\"F\u00e9lag \u00e1byrgra hundaeigenda\" \/>\n<meta property=\"article:modified_time\" content=\"2023-08-10T23:56:13+00:00\" \/>\n<meta name=\"twitter:card\" content=\"summary_large_image\" \/>\n<meta name=\"twitter:label1\" content=\"Est. reading time\" \/>\n\t<meta name=\"twitter:data1\" content=\"1 minute\" \/>\n<script type=\"application\/ld+json\" class=\"yoast-schema-graph\">{\"@context\":\"https:\\\/\\\/schema.org\",\"@graph\":[{\"@type\":\"WebPage\",\"@id\":\"https:\\\/\\\/fah.is\\\/wordpress\\\/hundaleyfisgjold\\\/\",\"url\":\"https:\\\/\\\/fah.is\\\/wordpress\\\/hundaleyfisgjold\\\/\",\"name\":\"Hundaleyfisgj\u00f6ld - F\u00e9lag \u00e1byrgra hundaeigenda\",\"isPartOf\":{\"@id\":\"http:\\\/\\\/fah.is\\\/wordpress\\\/#website\"},\"datePublished\":\"2023-08-10T10:03:07+00:00\",\"dateModified\":\"2023-08-10T23:56:13+00:00\",\"breadcrumb\":{\"@id\":\"https:\\\/\\\/fah.is\\\/wordpress\\\/hundaleyfisgjold\\\/#breadcrumb\"},\"inLanguage\":\"en-US\",\"potentialAction\":[{\"@type\":\"ReadAction\",\"target\":[\"https:\\\/\\\/fah.is\\\/wordpress\\\/hundaleyfisgjold\\\/\"]}]},{\"@type\":\"BreadcrumbList\",\"@id\":\"https:\\\/\\\/fah.is\\\/wordpress\\\/hundaleyfisgjold\\\/#breadcrumb\",\"itemListElement\":[{\"@type\":\"ListItem\",\"position\":1,\"name\":\"Home\",\"item\":\"https:\\\/\\\/fah.is\\\/wordpress\\\/\"},{\"@type\":\"ListItem\",\"position\":2,\"name\":\"Hundaleyfisgj\u00f6ld\"}]},{\"@type\":\"WebSite\",\"@id\":\"http:\\\/\\\/fah.is\\\/wordpress\\\/#website\",\"url\":\"http:\\\/\\\/fah.is\\\/wordpress\\\/\",\"name\":\"F\u00e9lag \u00e1byrgra hundaeigenda\",\"description\":\"Vefs\u00ed\u00f0a F\u00e9lags \u00e1byrgra hundaeigenda\",\"publisher\":{\"@id\":\"http:\\\/\\\/fah.is\\\/wordpress\\\/#organization\"},\"potentialAction\":[{\"@type\":\"SearchAction\",\"target\":{\"@type\":\"EntryPoint\",\"urlTemplate\":\"http:\\\/\\\/fah.is\\\/wordpress\\\/?s={search_term_string}\"},\"query-input\":{\"@type\":\"PropertyValueSpecification\",\"valueRequired\":true,\"valueName\":\"search_term_string\"}}],\"inLanguage\":\"en-US\"},{\"@type\":\"Organization\",\"@id\":\"http:\\\/\\\/fah.is\\\/wordpress\\\/#organization\",\"name\":\"F\u00e9lag \u00e1byrgra hundaeigenda\",\"url\":\"http:\\\/\\\/fah.is\\\/wordpress\\\/\",\"logo\":{\"@type\":\"ImageObject\",\"inLanguage\":\"en-US\",\"@id\":\"http:\\\/\\\/fah.is\\\/wordpress\\\/#\\\/schema\\\/logo\\\/image\\\/\",\"url\":\"https:\\\/\\\/i0.wp.com\\\/fah.is\\\/wordpress\\\/wp-content\\\/uploads\\\/2023\\\/01\\\/fah-hringur-white-shadow.png?fit=822%2C873&ssl=1\",\"contentUrl\":\"https:\\\/\\\/i0.wp.com\\\/fah.is\\\/wordpress\\\/wp-content\\\/uploads\\\/2023\\\/01\\\/fah-hringur-white-shadow.png?fit=822%2C873&ssl=1\",\"width\":822,\"height\":873,\"caption\":\"F\u00e9lag \u00e1byrgra hundaeigenda\"},\"image\":{\"@id\":\"http:\\\/\\\/fah.is\\\/wordpress\\\/#\\\/schema\\\/logo\\\/image\\\/\"}}]}<\/script>\n<!-- \/ Yoast SEO plugin. -->","yoast_head_json":{"title":"Hundaleyfisgj\u00f6ld - F\u00e9lag \u00e1byrgra hundaeigenda","robots":{"index":"index","follow":"follow","max-snippet":"max-snippet:-1","max-image-preview":"max-image-preview:large","max-video-preview":"max-video-preview:-1"},"canonical":"https:\/\/fah.is\/wordpress\/hundaleyfisgjold\/","og_locale":"en_US","og_type":"article","og_title":"Hundaleyfisgj\u00f6ld - F\u00e9lag \u00e1byrgra hundaeigenda","og_description":"F\u00c1H hefur fr\u00e1 upphafi sko\u00f0a\u00f0 b\u00f3khald sveitarf\u00e9laga hva\u00f0 var\u00f0ar hundaleyfisgj\u00f6ld. Stj\u00f3rn F\u00c1H hefur gagnr\u00fdnt \u00fdmsa kostna\u00f0arli\u00f0i en kostna\u00f0ur vi\u00f0 hundaeftirlit er grunsamlega h\u00e1r mi\u00f0a\u00f0 vi\u00f0 verkefni.","og_url":"https:\/\/fah.is\/wordpress\/hundaleyfisgjold\/","og_site_name":"F\u00e9lag \u00e1byrgra hundaeigenda","article_modified_time":"2023-08-10T23:56:13+00:00","twitter_card":"summary_large_image","twitter_misc":{"Est. reading time":"1 minute"},"schema":{"@context":"https:\/\/schema.org","@graph":[{"@type":"WebPage","@id":"https:\/\/fah.is\/wordpress\/hundaleyfisgjold\/","url":"https:\/\/fah.is\/wordpress\/hundaleyfisgjold\/","name":"Hundaleyfisgj\u00f6ld - F\u00e9lag \u00e1byrgra hundaeigenda","isPartOf":{"@id":"http:\/\/fah.is\/wordpress\/#website"},"datePublished":"2023-08-10T10:03:07+00:00","dateModified":"2023-08-10T23:56:13+00:00","breadcrumb":{"@id":"https:\/\/fah.is\/wordpress\/hundaleyfisgjold\/#breadcrumb"},"inLanguage":"en-US","potentialAction":[{"@type":"ReadAction","target":["https:\/\/fah.is\/wordpress\/hundaleyfisgjold\/"]}]},{"@type":"BreadcrumbList","@id":"https:\/\/fah.is\/wordpress\/hundaleyfisgjold\/#breadcrumb","itemListElement":[{"@type":"ListItem","position":1,"name":"Home","item":"https:\/\/fah.is\/wordpress\/"},{"@type":"ListItem","position":2,"name":"Hundaleyfisgj\u00f6ld"}]},{"@type":"WebSite","@id":"http:\/\/fah.is\/wordpress\/#website","url":"http:\/\/fah.is\/wordpress\/","name":"F\u00e9lag \u00e1byrgra hundaeigenda","description":"Vefs\u00ed\u00f0a F\u00e9lags \u00e1byrgra hundaeigenda","publisher":{"@id":"http:\/\/fah.is\/wordpress\/#organization"},"potentialAction":[{"@type":"SearchAction","target":{"@type":"EntryPoint","urlTemplate":"http:\/\/fah.is\/wordpress\/?s={search_term_string}"},"query-input":{"@type":"PropertyValueSpecification","valueRequired":true,"valueName":"search_term_string"}}],"inLanguage":"en-US"},{"@type":"Organization","@id":"http:\/\/fah.is\/wordpress\/#organization","name":"F\u00e9lag \u00e1byrgra hundaeigenda","url":"http:\/\/fah.is\/wordpress\/","logo":{"@type":"ImageObject","inLanguage":"en-US","@id":"http:\/\/fah.is\/wordpress\/#\/schema\/logo\/image\/","url":"https:\/\/i0.wp.com\/fah.is\/wordpress\/wp-content\/uploads\/2023\/01\/fah-hringur-white-shadow.png?fit=822%2C873&ssl=1","contentUrl":"https:\/\/i0.wp.com\/fah.is\/wordpress\/wp-content\/uploads\/2023\/01\/fah-hringur-white-shadow.png?fit=822%2C873&ssl=1","width":822,"height":873,"caption":"F\u00e9lag \u00e1byrgra hundaeigenda"},"image":{"@id":"http:\/\/fah.is\/wordpress\/#\/schema\/logo\/image\/"}}]}},"jetpack_sharing_enabled":true,"_links":{"self":[{"href":"https:\/\/fah.is\/wordpress\/wp-json\/wp\/v2\/pages\/104","targetHints":{"allow":["GET"]}}],"collection":[{"href":"https:\/\/fah.is\/wordpress\/wp-json\/wp\/v2\/pages"}],"about":[{"href":"https:\/\/fah.is\/wordpress\/wp-json\/wp\/v2\/types\/page"}],"author":[{"embeddable":true,"href":"https:\/\/fah.is\/wordpress\/wp-json\/wp\/v2\/users\/1"}],"replies":[{"embeddable":true,"href":"https:\/\/fah.is\/wordpress\/wp-json\/wp\/v2\/comments?post=104"}],"version-history":[{"count":4,"href":"https:\/\/fah.is\/wordpress\/wp-json\/wp\/v2\/pages\/104\/revisions"}],"predecessor-version":[{"id":269,"href":"https:\/\/fah.is\/wordpress\/wp-json\/wp\/v2\/pages\/104\/revisions\/269"}],"wp:attachment":[{"href":"https:\/\/fah.is\/wordpress\/wp-json\/wp\/v2\/media?parent=104"}],"curies":[{"name":"wp","href":"https:\/\/api.w.org\/{rel}","templated":true}]}}