{"id":260,"date":"2023-08-10T23:52:33","date_gmt":"2023-08-10T23:52:33","guid":{"rendered":"https:\/\/fah.is\/wordpress\/?page_id=260"},"modified":"2023-08-10T23:52:35","modified_gmt":"2023-08-10T23:52:35","slug":"fah-malthing-2020-haldid-i-gislingu-af-hundaeftirlitinu","status":"publish","type":"page","link":"http:\/\/fah.is\/wordpress\/fah-malthing-2020-haldid-i-gislingu-af-hundaeftirlitinu\/","title":{"rendered":"F\u00c1H M\u00e1l\u00feing 2020 &#8211; Haldi\u00f0 \u00ed g\u00edslingu af hundaeftirlitinu"},"content":{"rendered":"\n<h2 class=\"wp-block-heading\">Hundum l\u00f3ga\u00f0<\/h2>\n\n\n\n<p>\u00c1ri\u00f0 2016 sendi F\u00c1H \u00fat spurningalista \u00e1 sveitarf\u00e9l\u00f6g landsins me\u00f0 20 spurningum. \u00dear \u00e1 me\u00f0al var spurning sem hlj\u00f3\u00f0a\u00f0i svo: <strong>\u201eHversu m\u00f6rgum hundum hefur veri\u00f0 l\u00f3ga\u00f0 fr\u00e1 \u00e1rinu 2000?\u201c<\/strong><\/p>\n\n\n\n<p>Sv\u00f6r b\u00e1rust fr\u00e1 f\u00e1einum sveitarf\u00e9l\u00f6gum og mi\u00f0a\u00f0 vi\u00f0 \u00feau sv\u00f6r, voru <strong>5 hundum a\u00f0 l\u00e1gmarki l\u00f3ga\u00f0 \u00e1rlega<\/strong> \u00e1 vegum hundaeftirlita \u00e1 \u00cdslandi.<\/p>\n\n\n\n<p>Me\u00f0 tilkomu samtaka eins og D\u00fdrahj\u00e1lpar, <strong>\u00e6tti aldrei a\u00f0 \u00feurfa a\u00f0 l\u00f3ga heilbrig\u00f0um hundum<\/strong>, \u00fea\u00f0 samr\u00e6mist ekki l\u00f6gum um d\u00fdravernd. \u00deessu \u00e1kv\u00e6\u00f0i \u00fearf a\u00f0 breyta \u00ed hundasam\u00feykktum allra sveitarf\u00e9laga.<\/p>\n\n\n\n<h2 class=\"wp-block-heading\"><\/h2>\n\n\n\n<h2 class=\"wp-block-heading\">Hundum haldi\u00f0 \u00ed g\u00edslingu<\/h2>\n\n\n\n<p>Hundaeftirlitin \u00e1 \u00cdslandi halda hundum, sem eru skv. l\u00f6gum eign f\u00f3lks, \u00ed hundageymslu ef r\u00e9ttm\u00e6tur eigandi getur ekki greitt uppgefna upph\u00e6\u00f0 strax \u00e1 sta\u00f0num. \u00deetta \u00e1 vi\u00f0 hvort sem um er a\u00f0 r\u00e6\u00f0a skr\u00e1\u00f0an e\u00f0a \u00f3skr\u00e1\u00f0an hund. \u00dea\u00f0 a\u00f0 hundurinn f\u00e1i ekki a\u00f0 sameinast eiganda s\u00ednum eins flj\u00f3tt og au\u00f0i\u00f0 er, er <strong>\u00f3\u00fearfa \u00e1lag \u00e1 hundinn og m\u00e6tti l\u00edkja vi\u00f0 g\u00edslat\u00f6ku<\/strong>, \u00fear sem <strong>hundinum er refsa\u00f0 fyrir brot eigandans<\/strong>. Allar a\u00f0rar sektir \u00ed okkar samf\u00e9lagi fara fram me\u00f0 grei\u00f0sluse\u00f0li \u00ed heimabanka, og sendar \u00ed innheimtu ef grei\u00f0sla berst ekki fyrir eindaga. Af hverju gilda a\u00f0rar reglur um hunda? \u00deetta eru lifandi verur og taka ber tillit til velfer\u00f0ar d\u00fdranna ofar refsingu eigenda \u00feeirra.<\/p>\n\n\n\n<p>Ef eigandi hundsins getur ekki greitt umbe\u00f0na upph\u00e6\u00f0 innan viku, \u00fe\u00e1 er hundinum komi\u00f0 anna\u00f0 e\u00f0a l\u00f3ga\u00f0. \u00deessar upph\u00e6\u00f0ir eru mish\u00e1ar eftir sveitarf\u00e9l\u00f6gum, og mish\u00e1ar eftir \u00fev\u00ed hvort hundurinn er skr\u00e1\u00f0ur e\u00f0a \u00f3skr\u00e1\u00f0ur hj\u00e1 sveitarf\u00e9lagi. Umbe\u00f0in upph\u00e6\u00f0 getur veri\u00f0 fr\u00e1 <strong>30.000 kr<\/strong> og allt upp \u00ed <strong>100.000 kr<\/strong>, og \u00fea\u00f0 er ekki \u00e1 allra f\u00e6ri a\u00f0 rei\u00f0a sl\u00edkar upph\u00e6\u00f0ir fram me\u00f0 engum fyrirvara.<\/p>\n\n\n\n<p>\u00dea\u00f0 er kominn t\u00edmi til a\u00f0 uppf\u00e6ra \u00feennan part af hundasam\u00feykktum allra sveitarf\u00e9laga. N\u00faverandi reglur bera vott um <strong>\u00farelta ford\u00f3ma gagnvart hundahaldi<\/strong> og eru <strong>ekki \u00ed takt vi\u00f0 almenna gjaldheimtu \u00ed n\u00fat\u00edma samf\u00e9lagi.<\/strong><\/p>\n","protected":false},"excerpt":{"rendered":"<p>Hundum l\u00f3ga\u00f0 \u00c1ri\u00f0 2016 sendi F\u00c1H \u00fat spurningalista \u00e1 sveitarf\u00e9l\u00f6g landsins me\u00f0 20 spurningum. \u00dear \u00e1 me\u00f0al var spurning sem hlj\u00f3\u00f0a\u00f0i svo: \u201eHversu m\u00f6rgum hundum hefur veri\u00f0 l\u00f3ga\u00f0 fr\u00e1 \u00e1rinu 2000?\u201c Sv\u00f6r b\u00e1rust fr\u00e1 f\u00e1einum sveitarf\u00e9l\u00f6gum og mi\u00f0a\u00f0 vi\u00f0 \u00feau sv\u00f6r, voru 5 hundum a\u00f0 l\u00e1gmarki l\u00f3ga\u00f0 \u00e1rlega \u00e1 vegum hundaeftirlita \u00e1 \u00cdslandi. Me\u00f0 tilkomu [&hellip;]<\/p>\n","protected":false},"author":1,"featured_media":0,"parent":0,"menu_order":0,"comment_status":"closed","ping_status":"closed","template":"","meta":{"nf_dc_page":"","om_disable_all_campaigns":false,"footnotes":""},"class_list":["post-260","page","type-page","status-publish","hentry"],"yoast_head":"<!-- This site is optimized with the Yoast SEO plugin v27.4 - https:\/\/yoast.com\/product\/yoast-seo-wordpress\/ -->\n<title>F\u00c1H M\u00e1l\u00feing 2020 - Haldi\u00f0 \u00ed g\u00edslingu af hundaeftirlitinu - F\u00e9lag \u00e1byrgra hundaeigenda<\/title>\n<meta name=\"robots\" content=\"index, follow, max-snippet:-1, max-image-preview:large, max-video-preview:-1\" \/>\n<link rel=\"canonical\" href=\"http:\/\/fah.is\/wordpress\/fah-malthing-2020-haldid-i-gislingu-af-hundaeftirlitinu\/\" \/>\n<meta property=\"og:locale\" content=\"en_US\" \/>\n<meta property=\"og:type\" content=\"article\" \/>\n<meta property=\"og:title\" content=\"F\u00c1H M\u00e1l\u00feing 2020 - Haldi\u00f0 \u00ed g\u00edslingu af hundaeftirlitinu - F\u00e9lag \u00e1byrgra hundaeigenda\" \/>\n<meta property=\"og:description\" content=\"Hundum l\u00f3ga\u00f0 \u00c1ri\u00f0 2016 sendi F\u00c1H \u00fat spurningalista \u00e1 sveitarf\u00e9l\u00f6g landsins me\u00f0 20 spurningum. \u00dear \u00e1 me\u00f0al var spurning sem hlj\u00f3\u00f0a\u00f0i svo: \u201eHversu m\u00f6rgum hundum hefur veri\u00f0 l\u00f3ga\u00f0 fr\u00e1 \u00e1rinu 2000?\u201c Sv\u00f6r b\u00e1rust fr\u00e1 f\u00e1einum sveitarf\u00e9l\u00f6gum og mi\u00f0a\u00f0 vi\u00f0 \u00feau sv\u00f6r, voru 5 hundum a\u00f0 l\u00e1gmarki l\u00f3ga\u00f0 \u00e1rlega \u00e1 vegum hundaeftirlita \u00e1 \u00cdslandi. Me\u00f0 tilkomu [&hellip;]\" \/>\n<meta property=\"og:url\" content=\"http:\/\/fah.is\/wordpress\/fah-malthing-2020-haldid-i-gislingu-af-hundaeftirlitinu\/\" \/>\n<meta property=\"og:site_name\" content=\"F\u00e9lag \u00e1byrgra hundaeigenda\" \/>\n<meta property=\"article:modified_time\" content=\"2023-08-10T23:52:35+00:00\" \/>\n<meta name=\"twitter:card\" content=\"summary_large_image\" \/>\n<meta name=\"twitter:label1\" content=\"Est. reading time\" \/>\n\t<meta name=\"twitter:data1\" content=\"2 minutes\" \/>\n<script type=\"application\/ld+json\" class=\"yoast-schema-graph\">{\"@context\":\"https:\\\/\\\/schema.org\",\"@graph\":[{\"@type\":\"WebPage\",\"@id\":\"http:\\\/\\\/fah.is\\\/wordpress\\\/fah-malthing-2020-haldid-i-gislingu-af-hundaeftirlitinu\\\/\",\"url\":\"http:\\\/\\\/fah.is\\\/wordpress\\\/fah-malthing-2020-haldid-i-gislingu-af-hundaeftirlitinu\\\/\",\"name\":\"F\u00c1H M\u00e1l\u00feing 2020 - Haldi\u00f0 \u00ed g\u00edslingu af hundaeftirlitinu - F\u00e9lag \u00e1byrgra hundaeigenda\",\"isPartOf\":{\"@id\":\"http:\\\/\\\/fah.is\\\/wordpress\\\/#website\"},\"datePublished\":\"2023-08-10T23:52:33+00:00\",\"dateModified\":\"2023-08-10T23:52:35+00:00\",\"breadcrumb\":{\"@id\":\"http:\\\/\\\/fah.is\\\/wordpress\\\/fah-malthing-2020-haldid-i-gislingu-af-hundaeftirlitinu\\\/#breadcrumb\"},\"inLanguage\":\"en-US\",\"potentialAction\":[{\"@type\":\"ReadAction\",\"target\":[\"http:\\\/\\\/fah.is\\\/wordpress\\\/fah-malthing-2020-haldid-i-gislingu-af-hundaeftirlitinu\\\/\"]}]},{\"@type\":\"BreadcrumbList\",\"@id\":\"http:\\\/\\\/fah.is\\\/wordpress\\\/fah-malthing-2020-haldid-i-gislingu-af-hundaeftirlitinu\\\/#breadcrumb\",\"itemListElement\":[{\"@type\":\"ListItem\",\"position\":1,\"name\":\"Home\",\"item\":\"https:\\\/\\\/fah.is\\\/wordpress\\\/\"},{\"@type\":\"ListItem\",\"position\":2,\"name\":\"F\u00c1H M\u00e1l\u00feing 2020 &#8211; Haldi\u00f0 \u00ed g\u00edslingu af hundaeftirlitinu\"}]},{\"@type\":\"WebSite\",\"@id\":\"http:\\\/\\\/fah.is\\\/wordpress\\\/#website\",\"url\":\"http:\\\/\\\/fah.is\\\/wordpress\\\/\",\"name\":\"F\u00e9lag \u00e1byrgra hundaeigenda\",\"description\":\"Vefs\u00ed\u00f0a F\u00e9lags \u00e1byrgra hundaeigenda\",\"publisher\":{\"@id\":\"http:\\\/\\\/fah.is\\\/wordpress\\\/#organization\"},\"potentialAction\":[{\"@type\":\"SearchAction\",\"target\":{\"@type\":\"EntryPoint\",\"urlTemplate\":\"http:\\\/\\\/fah.is\\\/wordpress\\\/?s={search_term_string}\"},\"query-input\":{\"@type\":\"PropertyValueSpecification\",\"valueRequired\":true,\"valueName\":\"search_term_string\"}}],\"inLanguage\":\"en-US\"},{\"@type\":\"Organization\",\"@id\":\"http:\\\/\\\/fah.is\\\/wordpress\\\/#organization\",\"name\":\"F\u00e9lag \u00e1byrgra hundaeigenda\",\"url\":\"http:\\\/\\\/fah.is\\\/wordpress\\\/\",\"logo\":{\"@type\":\"ImageObject\",\"inLanguage\":\"en-US\",\"@id\":\"http:\\\/\\\/fah.is\\\/wordpress\\\/#\\\/schema\\\/logo\\\/image\\\/\",\"url\":\"https:\\\/\\\/i0.wp.com\\\/fah.is\\\/wordpress\\\/wp-content\\\/uploads\\\/2023\\\/01\\\/fah-hringur-white-shadow.png?fit=822%2C873\",\"contentUrl\":\"https:\\\/\\\/i0.wp.com\\\/fah.is\\\/wordpress\\\/wp-content\\\/uploads\\\/2023\\\/01\\\/fah-hringur-white-shadow.png?fit=822%2C873\",\"width\":822,\"height\":873,\"caption\":\"F\u00e9lag \u00e1byrgra hundaeigenda\"},\"image\":{\"@id\":\"http:\\\/\\\/fah.is\\\/wordpress\\\/#\\\/schema\\\/logo\\\/image\\\/\"}}]}<\/script>\n<!-- \/ Yoast SEO plugin. -->","yoast_head_json":{"title":"F\u00c1H M\u00e1l\u00feing 2020 - Haldi\u00f0 \u00ed g\u00edslingu af hundaeftirlitinu - F\u00e9lag \u00e1byrgra hundaeigenda","robots":{"index":"index","follow":"follow","max-snippet":"max-snippet:-1","max-image-preview":"max-image-preview:large","max-video-preview":"max-video-preview:-1"},"canonical":"http:\/\/fah.is\/wordpress\/fah-malthing-2020-haldid-i-gislingu-af-hundaeftirlitinu\/","og_locale":"en_US","og_type":"article","og_title":"F\u00c1H M\u00e1l\u00feing 2020 - Haldi\u00f0 \u00ed g\u00edslingu af hundaeftirlitinu - F\u00e9lag \u00e1byrgra hundaeigenda","og_description":"Hundum l\u00f3ga\u00f0 \u00c1ri\u00f0 2016 sendi F\u00c1H \u00fat spurningalista \u00e1 sveitarf\u00e9l\u00f6g landsins me\u00f0 20 spurningum. \u00dear \u00e1 me\u00f0al var spurning sem hlj\u00f3\u00f0a\u00f0i svo: \u201eHversu m\u00f6rgum hundum hefur veri\u00f0 l\u00f3ga\u00f0 fr\u00e1 \u00e1rinu 2000?\u201c Sv\u00f6r b\u00e1rust fr\u00e1 f\u00e1einum sveitarf\u00e9l\u00f6gum og mi\u00f0a\u00f0 vi\u00f0 \u00feau sv\u00f6r, voru 5 hundum a\u00f0 l\u00e1gmarki l\u00f3ga\u00f0 \u00e1rlega \u00e1 vegum hundaeftirlita \u00e1 \u00cdslandi. Me\u00f0 tilkomu [&hellip;]","og_url":"http:\/\/fah.is\/wordpress\/fah-malthing-2020-haldid-i-gislingu-af-hundaeftirlitinu\/","og_site_name":"F\u00e9lag \u00e1byrgra hundaeigenda","article_modified_time":"2023-08-10T23:52:35+00:00","twitter_card":"summary_large_image","twitter_misc":{"Est. reading time":"2 minutes"},"schema":{"@context":"https:\/\/schema.org","@graph":[{"@type":"WebPage","@id":"http:\/\/fah.is\/wordpress\/fah-malthing-2020-haldid-i-gislingu-af-hundaeftirlitinu\/","url":"http:\/\/fah.is\/wordpress\/fah-malthing-2020-haldid-i-gislingu-af-hundaeftirlitinu\/","name":"F\u00c1H M\u00e1l\u00feing 2020 - Haldi\u00f0 \u00ed g\u00edslingu af hundaeftirlitinu - F\u00e9lag \u00e1byrgra hundaeigenda","isPartOf":{"@id":"http:\/\/fah.is\/wordpress\/#website"},"datePublished":"2023-08-10T23:52:33+00:00","dateModified":"2023-08-10T23:52:35+00:00","breadcrumb":{"@id":"http:\/\/fah.is\/wordpress\/fah-malthing-2020-haldid-i-gislingu-af-hundaeftirlitinu\/#breadcrumb"},"inLanguage":"en-US","potentialAction":[{"@type":"ReadAction","target":["http:\/\/fah.is\/wordpress\/fah-malthing-2020-haldid-i-gislingu-af-hundaeftirlitinu\/"]}]},{"@type":"BreadcrumbList","@id":"http:\/\/fah.is\/wordpress\/fah-malthing-2020-haldid-i-gislingu-af-hundaeftirlitinu\/#breadcrumb","itemListElement":[{"@type":"ListItem","position":1,"name":"Home","item":"https:\/\/fah.is\/wordpress\/"},{"@type":"ListItem","position":2,"name":"F\u00c1H M\u00e1l\u00feing 2020 &#8211; Haldi\u00f0 \u00ed g\u00edslingu af hundaeftirlitinu"}]},{"@type":"WebSite","@id":"http:\/\/fah.is\/wordpress\/#website","url":"http:\/\/fah.is\/wordpress\/","name":"F\u00e9lag \u00e1byrgra hundaeigenda","description":"Vefs\u00ed\u00f0a F\u00e9lags \u00e1byrgra hundaeigenda","publisher":{"@id":"http:\/\/fah.is\/wordpress\/#organization"},"potentialAction":[{"@type":"SearchAction","target":{"@type":"EntryPoint","urlTemplate":"http:\/\/fah.is\/wordpress\/?s={search_term_string}"},"query-input":{"@type":"PropertyValueSpecification","valueRequired":true,"valueName":"search_term_string"}}],"inLanguage":"en-US"},{"@type":"Organization","@id":"http:\/\/fah.is\/wordpress\/#organization","name":"F\u00e9lag \u00e1byrgra hundaeigenda","url":"http:\/\/fah.is\/wordpress\/","logo":{"@type":"ImageObject","inLanguage":"en-US","@id":"http:\/\/fah.is\/wordpress\/#\/schema\/logo\/image\/","url":"https:\/\/i0.wp.com\/fah.is\/wordpress\/wp-content\/uploads\/2023\/01\/fah-hringur-white-shadow.png?fit=822%2C873","contentUrl":"https:\/\/i0.wp.com\/fah.is\/wordpress\/wp-content\/uploads\/2023\/01\/fah-hringur-white-shadow.png?fit=822%2C873","width":822,"height":873,"caption":"F\u00e9lag \u00e1byrgra hundaeigenda"},"image":{"@id":"http:\/\/fah.is\/wordpress\/#\/schema\/logo\/image\/"}}]}},"jetpack_sharing_enabled":true,"_links":{"self":[{"href":"http:\/\/fah.is\/wordpress\/wp-json\/wp\/v2\/pages\/260","targetHints":{"allow":["GET"]}}],"collection":[{"href":"http:\/\/fah.is\/wordpress\/wp-json\/wp\/v2\/pages"}],"about":[{"href":"http:\/\/fah.is\/wordpress\/wp-json\/wp\/v2\/types\/page"}],"author":[{"embeddable":true,"href":"http:\/\/fah.is\/wordpress\/wp-json\/wp\/v2\/users\/1"}],"replies":[{"embeddable":true,"href":"http:\/\/fah.is\/wordpress\/wp-json\/wp\/v2\/comments?post=260"}],"version-history":[{"count":1,"href":"http:\/\/fah.is\/wordpress\/wp-json\/wp\/v2\/pages\/260\/revisions"}],"predecessor-version":[{"id":261,"href":"http:\/\/fah.is\/wordpress\/wp-json\/wp\/v2\/pages\/260\/revisions\/261"}],"wp:attachment":[{"href":"http:\/\/fah.is\/wordpress\/wp-json\/wp\/v2\/media?parent=260"}],"curies":[{"name":"wp","href":"https:\/\/api.w.org\/{rel}","templated":true}]}}