{"id":253,"date":"2023-08-10T23:48:27","date_gmt":"2023-08-10T23:48:27","guid":{"rendered":"https:\/\/fah.is\/wordpress\/?page_id=253"},"modified":"2023-08-10T23:48:30","modified_gmt":"2023-08-10T23:48:30","slug":"fah-malthing-2020-hvert-for-milljardurinn","status":"publish","type":"page","link":"http:\/\/fah.is\/wordpress\/fah-malthing-2020-hvert-for-milljardurinn\/","title":{"rendered":"F\u00c1H M\u00e1l\u00feing 2020 &#8211; hvert f\u00f3r milljar\u00f0urinn"},"content":{"rendered":"\n<h2 class=\"wp-block-heading\">Skattp\u00edning \u00e1 hundaeigendur<\/h2>\n\n\n\n<p>Flest sveitarf\u00e9l\u00f6g landsins krefja hundaeigendur um eftirlitsgjald. Samkv\u00e6mt l\u00f6gum um hollustuh\u00e6tti og mengunarvarnir 7\/1998 m\u00e1 ekki n\u00fdta \u00feessa fj\u00e1rmuni \u00ed anna\u00f0 en \u00fea\u00f0 sem kostar a\u00f0 halda uppi hundaeftirliti. (59 gr. Gj\u00f6ld mega aldrei vera h\u00e6rri en sem nemur r\u00f6kstuddum kostna\u00f0i vi\u00f0 veitta \u00fej\u00f3nustu e\u00f0a framkv\u00e6md eftirlits me\u00f0 einst\u00f6kum \u00fe\u00e1ttum.) St\u00e6rstu sveitarf\u00e9l\u00f6g landsins hafa innheimt r\u00faman milljar\u00f0 \u00ed hundaeftirlitsgj\u00f6ld s\u00ed\u00f0astli\u00f0in 13 \u00e1r, en \u00ed hva\u00f0 hefur \u00feessi peningur fari\u00f0? Hundaeigendur spyrja sig \u00fev\u00ed \u00feessir fj\u00e1rmunir vir\u00f0ast ekki gagnast hundaeigendum n\u00e9 samf\u00e9laginu \u00e1 nokkurn h\u00e1tt.<\/p>\n\n\n\n<figure class=\"wp-block-image size-full\"><img data-recalc-dims=\"1\" fetchpriority=\"high\" decoding=\"async\" width=\"800\" height=\"466\" src=\"https:\/\/i0.wp.com\/fah.is\/wordpress\/wp-content\/uploads\/2023\/08\/milljardurinn-tolur.jpg?resize=800%2C466\" alt=\"\" class=\"wp-image-254\" srcset=\"https:\/\/i0.wp.com\/fah.is\/wordpress\/wp-content\/uploads\/2023\/08\/milljardurinn-tolur.jpg?w=861 861w, https:\/\/i0.wp.com\/fah.is\/wordpress\/wp-content\/uploads\/2023\/08\/milljardurinn-tolur.jpg?resize=300%2C175 300w, https:\/\/i0.wp.com\/fah.is\/wordpress\/wp-content\/uploads\/2023\/08\/milljardurinn-tolur.jpg?resize=768%2C447 768w\" sizes=\"(max-width: 800px) 100vw, 800px\" \/><\/figure>\n\n\n\n<p><strong>Hundaeftirlit Reykjav\u00edkur<\/strong><\/p>\n\n\n\n<p>Eins og sj\u00e1 m\u00e1 af l\u00ednuritunum h\u00e9r a\u00f0 ne\u00f0an, hefur verkefnum hundaeftirlitsins \u00ed Reykjav\u00edk f\u00e6kka\u00f0 um 70-90% undanfarin \u00e1r, en \u00e1 sama t\u00edma eykst rekstrarkostna\u00f0ur hundaeftirlitsins um 60%. Hvernig getur \u00fea\u00f0 sta\u00f0ist a\u00f0 \u00fea\u00f0 ver\u00f0i d\u00fdrara a\u00f0 reka hundaeftirlit eftir \u00fev\u00ed sem verkefnum f\u00e6kkar? \u00c1st\u00e6\u00f0an fyrir f\u00e6kkun verkefna hj\u00e1 hundaeftirlitinu er s\u00fa a\u00f0 Hundasamf\u00e9lagi\u00f0 \u00e1 facebook hefur teki\u00f0 vi\u00f0 \u00feeim hluta starfseminnar sem felst \u00ed a\u00f0 koma lausum hundum til s\u00edns heima. Einnig er hundahald or\u00f0i\u00f0 e\u00f0lilegur partur af \u00edslensku samf\u00e9lagi og umbur\u00f0arlyndi hefur aukist. \u00deess vegna hefur kv\u00f6rtunum snarf\u00e6kka\u00f0.<\/p>\n\n\n\n<figure class=\"wp-block-image size-full\"><img data-recalc-dims=\"1\" decoding=\"async\" width=\"800\" height=\"481\" src=\"https:\/\/i0.wp.com\/fah.is\/wordpress\/wp-content\/uploads\/2023\/08\/storf-hundaeftirlits-1024x616-1.png?resize=800%2C481&#038;ssl=1\" alt=\"\" class=\"wp-image-256\" srcset=\"https:\/\/i0.wp.com\/fah.is\/wordpress\/wp-content\/uploads\/2023\/08\/storf-hundaeftirlits-1024x616-1.png?w=1024 1024w, https:\/\/i0.wp.com\/fah.is\/wordpress\/wp-content\/uploads\/2023\/08\/storf-hundaeftirlits-1024x616-1.png?resize=300%2C180 300w, https:\/\/i0.wp.com\/fah.is\/wordpress\/wp-content\/uploads\/2023\/08\/storf-hundaeftirlits-1024x616-1.png?resize=768%2C462 768w\" sizes=\"(max-width: 800px) 100vw, 800px\" \/><\/figure>\n\n\n\n<figure class=\"wp-block-image size-full\"><img data-recalc-dims=\"1\" decoding=\"async\" width=\"800\" height=\"483\" src=\"https:\/\/i0.wp.com\/fah.is\/wordpress\/wp-content\/uploads\/2023\/08\/rekstur-hundaeftirlits-1024x618-1.png?resize=800%2C483&#038;ssl=1\" alt=\"\" class=\"wp-image-255\" srcset=\"https:\/\/i0.wp.com\/fah.is\/wordpress\/wp-content\/uploads\/2023\/08\/rekstur-hundaeftirlits-1024x618-1.png?w=1024 1024w, https:\/\/i0.wp.com\/fah.is\/wordpress\/wp-content\/uploads\/2023\/08\/rekstur-hundaeftirlits-1024x618-1.png?resize=300%2C181 300w, https:\/\/i0.wp.com\/fah.is\/wordpress\/wp-content\/uploads\/2023\/08\/rekstur-hundaeftirlits-1024x618-1.png?resize=768%2C464 768w\" sizes=\"(max-width: 800px) 100vw, 800px\" \/><\/figure>\n\n\n\n<p>St\u00e6rsti kostna\u00f0ur vi\u00f0 rekstur hundaeftirlitsins \u00ed Reykjav\u00edk er launakostna\u00f0ur. Hundaeigendur grei\u00f0a laun \u00feriggja starfsmanna \u00ed fullu starfi, auk 30% af launum framkv\u00e6mdastj\u00f3ra Heilbrig\u00f0iseftirlitsins. Samt sem \u00e1\u00f0ur er engin t\u00edma- e\u00f0a verkefnaskr\u00e1ning \u00feessara starfsmanna, og \u00fev\u00ed engin lei\u00f0 fyrir hundaeigendur a\u00f0 tryggja \u00fea\u00f0 a\u00f0 fj\u00e1rmunirnir fari \u00ed verkefni tengd hundahaldi.<\/p>\n\n\n\n<p><strong>Hundaeftirlit Akureyrarb\u00e6jar<\/strong><\/p>\n\n\n\n<p>\u00c1 Akureyri var \u201eHreinsa upp hundask\u00edt\u201c tv\u00e6r og h\u00e1lf millj\u00f3n, og \u00fear einn af st\u00e6rstu \u00fatgjaldali\u00f0unum \u00ed sundurli\u00f0u\u00f0u b\u00f3khaldi hundaeftirlits \u00e1ri\u00f0 2018. \u00deegar F\u00e9lag hundaeigenda \u00e1 Akureyri spur\u00f0i n\u00e1nar \u00fat \u00ed \u00feennan \u00fatgjaldali\u00f0 var svari\u00f0 eftirfarandi: \u201e\u00dea\u00f0 er n\u00e1nast ekkert sem starfsmenn b\u00e6jarins \u00feurfa or\u00f0i\u00f0 a\u00f0 t\u00fdna upp af hundask\u00edt. Kostna\u00f0urinn vi\u00f0 li\u00f0inn Hreinsa upp hundask\u00edt sk\u00fdrist af losun \u00e1 ruslad\u00f6llum vi\u00f0 stofnst\u00edga b\u00e6jarins, einnig er losun \u00e1 ruslad\u00f6llum \u00e1 hundasv\u00e6\u00f0um \u00fear inn \u00ed.\u201c<br>Sem sagt hundaeigendur \u00e1 Akureyri standa undir kostna\u00f0i \u00e1 losun \u00e1 almennum ruslaf\u00f6tum b\u00e6jarins! \u00dea\u00f0 getur engan vegin sta\u00f0ist \u00feau l\u00f6g og reglur um a\u00f0 fj\u00e1rmunir hundaeftirlits megi einungis n\u00fdta \u00ed kostna\u00f0 vi\u00f0 a\u00f0 framfylgja hundasam\u00feykkt.<\/p>\n\n\n\n<p><strong>Hundaeftirlit Mosfellsb\u00e6jar<\/strong><\/p>\n\n\n\n<p>\u00cd Mosfellsb\u00e6 eru hundaleyfisgj\u00f6ldin me\u00f0al annars n\u00fdtt \u00ed a\u00f0 grei\u00f0a Hundah\u00f3telinu a\u00f0 Leirum 1 millj\u00f3n \u00e1 \u00e1ri, fyrir a\u00f0 halda 1 b\u00fari lausu 365 daga \u00e1rsins. Hversu oft var \u00fea\u00f0 b\u00far n\u00fdtt \u00e1 \u00e1rinu 2019? Svari\u00f0 er aldrei. \u00dea\u00f0 \u00feurfti enginn hundur \u00ed Mosfellsb\u00e6 a\u00f0 gista \u00ed hundageymslu \u00e1ri\u00f0 2019. Er \u00feetta g\u00f3\u00f0 n\u00fdting \u00e1 fj\u00e1rmunum hundaeigenda?<\/p>\n\n\n\n<p><strong>Sveitarf\u00e9lagi\u00f0 Dalabygg\u00f0<\/strong><\/p>\n\n\n\n<p>\u00cd Dalabygg\u00f0 er skylda a\u00f0 skr\u00e1 hunda og grei\u00f0a \u00e1rlegt hundaleyfisgjald. Samt sem \u00e1\u00f0ur er \u00fear ekki starfandi s\u00e9rstakur hunda- e\u00f0a d\u00fdraeftirlitsma\u00f0ur, og engin hundageymsla. \u00dea\u00f0 er \u00fev\u00ed \u00f3lj\u00f3st \u00ed hva\u00f0 \u00feeir fj\u00e1rmunir sem safnast af hundaleyfisgj\u00f6ldum fara. Samkv\u00e6mt l\u00f6gum m\u00e1 ekki n\u00fdta \u00feetta \u00ed anna\u00f0 en \u00fea\u00f0 sem kostar a\u00f0 halda uppi hundaeftirliti.<\/p>\n\n\n\n<p><strong>\u00d6nnur sveitarf\u00e9l\u00f6g.<\/strong><\/p>\n\n\n\n<p>Svipa\u00f0 er uppi \u00e1 teningnum me\u00f0 \u00f6nnur sveitarf\u00e9l\u00f6g \u00ed landinu. Rekstrarkostna\u00f0ur hundaeftirlits er v\u00ed\u00f0ast hvar ekki opinber, og \u00feegar spurt er um sl\u00edkt er f\u00e1tt um sv\u00f6r. \u00dea\u00f0 er \u00fev\u00ed engin lei\u00f0 fyrir hundaeigendur a\u00f0 komast a\u00f0 \u00fev\u00ed \u00ed hva\u00f0 \u00feessir peningar fara, og hvort sveitarf\u00e9l\u00f6gin fari eftir l\u00f6gum og n\u00fdti peningana einungis \u00ed verkefni tengd hundahaldi.<\/p>\n","protected":false},"excerpt":{"rendered":"<p>Skattp\u00edning \u00e1 hundaeigendur Flest sveitarf\u00e9l\u00f6g landsins krefja hundaeigendur um eftirlitsgjald. Samkv\u00e6mt l\u00f6gum um hollustuh\u00e6tti og mengunarvarnir 7\/1998 m\u00e1 ekki n\u00fdta \u00feessa fj\u00e1rmuni \u00ed anna\u00f0 en \u00fea\u00f0 sem kostar a\u00f0 halda uppi hundaeftirliti. (59 gr. Gj\u00f6ld mega aldrei vera h\u00e6rri en sem nemur r\u00f6kstuddum kostna\u00f0i vi\u00f0 veitta \u00fej\u00f3nustu e\u00f0a framkv\u00e6md eftirlits me\u00f0 einst\u00f6kum \u00fe\u00e1ttum.) St\u00e6rstu sveitarf\u00e9l\u00f6g [&hellip;]<\/p>\n","protected":false},"author":1,"featured_media":0,"parent":0,"menu_order":0,"comment_status":"closed","ping_status":"closed","template":"","meta":{"nf_dc_page":"","om_disable_all_campaigns":false,"footnotes":""},"class_list":["post-253","page","type-page","status-publish","hentry"],"yoast_head":"<!-- This site is optimized with the Yoast SEO plugin v27.4 - https:\/\/yoast.com\/product\/yoast-seo-wordpress\/ -->\n<title>F\u00c1H M\u00e1l\u00feing 2020 - hvert f\u00f3r milljar\u00f0urinn - F\u00e9lag \u00e1byrgra hundaeigenda<\/title>\n<meta name=\"robots\" content=\"index, follow, max-snippet:-1, max-image-preview:large, max-video-preview:-1\" \/>\n<link rel=\"canonical\" href=\"http:\/\/fah.is\/wordpress\/fah-malthing-2020-hvert-for-milljardurinn\/\" \/>\n<meta property=\"og:locale\" content=\"en_US\" \/>\n<meta property=\"og:type\" content=\"article\" \/>\n<meta property=\"og:title\" content=\"F\u00c1H M\u00e1l\u00feing 2020 - hvert f\u00f3r milljar\u00f0urinn - F\u00e9lag \u00e1byrgra hundaeigenda\" \/>\n<meta property=\"og:description\" content=\"Skattp\u00edning \u00e1 hundaeigendur Flest sveitarf\u00e9l\u00f6g landsins krefja hundaeigendur um eftirlitsgjald. Samkv\u00e6mt l\u00f6gum um hollustuh\u00e6tti og mengunarvarnir 7\/1998 m\u00e1 ekki n\u00fdta \u00feessa fj\u00e1rmuni \u00ed anna\u00f0 en \u00fea\u00f0 sem kostar a\u00f0 halda uppi hundaeftirliti. (59 gr. Gj\u00f6ld mega aldrei vera h\u00e6rri en sem nemur r\u00f6kstuddum kostna\u00f0i vi\u00f0 veitta \u00fej\u00f3nustu e\u00f0a framkv\u00e6md eftirlits me\u00f0 einst\u00f6kum \u00fe\u00e1ttum.) St\u00e6rstu sveitarf\u00e9l\u00f6g [&hellip;]\" \/>\n<meta property=\"og:url\" content=\"http:\/\/fah.is\/wordpress\/fah-malthing-2020-hvert-for-milljardurinn\/\" \/>\n<meta property=\"og:site_name\" content=\"F\u00e9lag \u00e1byrgra hundaeigenda\" \/>\n<meta property=\"article:modified_time\" content=\"2023-08-10T23:48:30+00:00\" \/>\n<meta property=\"og:image\" content=\"http:\/\/fah.is\/wordpress\/wp-content\/uploads\/2023\/08\/milljardurinn-tolur.jpg\" \/>\n<meta name=\"twitter:card\" content=\"summary_large_image\" \/>\n<meta name=\"twitter:label1\" content=\"Est. reading time\" \/>\n\t<meta name=\"twitter:data1\" content=\"3 minutes\" \/>\n<script type=\"application\/ld+json\" class=\"yoast-schema-graph\">{\"@context\":\"https:\\\/\\\/schema.org\",\"@graph\":[{\"@type\":\"WebPage\",\"@id\":\"http:\\\/\\\/fah.is\\\/wordpress\\\/fah-malthing-2020-hvert-for-milljardurinn\\\/\",\"url\":\"http:\\\/\\\/fah.is\\\/wordpress\\\/fah-malthing-2020-hvert-for-milljardurinn\\\/\",\"name\":\"F\u00c1H M\u00e1l\u00feing 2020 - hvert f\u00f3r milljar\u00f0urinn - F\u00e9lag \u00e1byrgra hundaeigenda\",\"isPartOf\":{\"@id\":\"http:\\\/\\\/fah.is\\\/wordpress\\\/#website\"},\"primaryImageOfPage\":{\"@id\":\"http:\\\/\\\/fah.is\\\/wordpress\\\/fah-malthing-2020-hvert-for-milljardurinn\\\/#primaryimage\"},\"image\":{\"@id\":\"http:\\\/\\\/fah.is\\\/wordpress\\\/fah-malthing-2020-hvert-for-milljardurinn\\\/#primaryimage\"},\"thumbnailUrl\":\"http:\\\/\\\/fah.is\\\/wordpress\\\/wp-content\\\/uploads\\\/2023\\\/08\\\/milljardurinn-tolur.jpg\",\"datePublished\":\"2023-08-10T23:48:27+00:00\",\"dateModified\":\"2023-08-10T23:48:30+00:00\",\"breadcrumb\":{\"@id\":\"http:\\\/\\\/fah.is\\\/wordpress\\\/fah-malthing-2020-hvert-for-milljardurinn\\\/#breadcrumb\"},\"inLanguage\":\"en-US\",\"potentialAction\":[{\"@type\":\"ReadAction\",\"target\":[\"http:\\\/\\\/fah.is\\\/wordpress\\\/fah-malthing-2020-hvert-for-milljardurinn\\\/\"]}]},{\"@type\":\"ImageObject\",\"inLanguage\":\"en-US\",\"@id\":\"http:\\\/\\\/fah.is\\\/wordpress\\\/fah-malthing-2020-hvert-for-milljardurinn\\\/#primaryimage\",\"url\":\"https:\\\/\\\/i0.wp.com\\\/fah.is\\\/wordpress\\\/wp-content\\\/uploads\\\/2023\\\/08\\\/milljardurinn-tolur.jpg?fit=861%2C501\",\"contentUrl\":\"https:\\\/\\\/i0.wp.com\\\/fah.is\\\/wordpress\\\/wp-content\\\/uploads\\\/2023\\\/08\\\/milljardurinn-tolur.jpg?fit=861%2C501\",\"width\":861,\"height\":501},{\"@type\":\"BreadcrumbList\",\"@id\":\"http:\\\/\\\/fah.is\\\/wordpress\\\/fah-malthing-2020-hvert-for-milljardurinn\\\/#breadcrumb\",\"itemListElement\":[{\"@type\":\"ListItem\",\"position\":1,\"name\":\"Home\",\"item\":\"https:\\\/\\\/fah.is\\\/wordpress\\\/\"},{\"@type\":\"ListItem\",\"position\":2,\"name\":\"F\u00c1H M\u00e1l\u00feing 2020 &#8211; hvert f\u00f3r milljar\u00f0urinn\"}]},{\"@type\":\"WebSite\",\"@id\":\"http:\\\/\\\/fah.is\\\/wordpress\\\/#website\",\"url\":\"http:\\\/\\\/fah.is\\\/wordpress\\\/\",\"name\":\"F\u00e9lag \u00e1byrgra hundaeigenda\",\"description\":\"Vefs\u00ed\u00f0a F\u00e9lags \u00e1byrgra hundaeigenda\",\"publisher\":{\"@id\":\"http:\\\/\\\/fah.is\\\/wordpress\\\/#organization\"},\"potentialAction\":[{\"@type\":\"SearchAction\",\"target\":{\"@type\":\"EntryPoint\",\"urlTemplate\":\"http:\\\/\\\/fah.is\\\/wordpress\\\/?s={search_term_string}\"},\"query-input\":{\"@type\":\"PropertyValueSpecification\",\"valueRequired\":true,\"valueName\":\"search_term_string\"}}],\"inLanguage\":\"en-US\"},{\"@type\":\"Organization\",\"@id\":\"http:\\\/\\\/fah.is\\\/wordpress\\\/#organization\",\"name\":\"F\u00e9lag \u00e1byrgra hundaeigenda\",\"url\":\"http:\\\/\\\/fah.is\\\/wordpress\\\/\",\"logo\":{\"@type\":\"ImageObject\",\"inLanguage\":\"en-US\",\"@id\":\"http:\\\/\\\/fah.is\\\/wordpress\\\/#\\\/schema\\\/logo\\\/image\\\/\",\"url\":\"https:\\\/\\\/i0.wp.com\\\/fah.is\\\/wordpress\\\/wp-content\\\/uploads\\\/2023\\\/01\\\/fah-hringur-white-shadow.png?fit=822%2C873\",\"contentUrl\":\"https:\\\/\\\/i0.wp.com\\\/fah.is\\\/wordpress\\\/wp-content\\\/uploads\\\/2023\\\/01\\\/fah-hringur-white-shadow.png?fit=822%2C873\",\"width\":822,\"height\":873,\"caption\":\"F\u00e9lag \u00e1byrgra hundaeigenda\"},\"image\":{\"@id\":\"http:\\\/\\\/fah.is\\\/wordpress\\\/#\\\/schema\\\/logo\\\/image\\\/\"}}]}<\/script>\n<!-- \/ Yoast SEO plugin. -->","yoast_head_json":{"title":"F\u00c1H M\u00e1l\u00feing 2020 - hvert f\u00f3r milljar\u00f0urinn - F\u00e9lag \u00e1byrgra hundaeigenda","robots":{"index":"index","follow":"follow","max-snippet":"max-snippet:-1","max-image-preview":"max-image-preview:large","max-video-preview":"max-video-preview:-1"},"canonical":"http:\/\/fah.is\/wordpress\/fah-malthing-2020-hvert-for-milljardurinn\/","og_locale":"en_US","og_type":"article","og_title":"F\u00c1H M\u00e1l\u00feing 2020 - hvert f\u00f3r milljar\u00f0urinn - F\u00e9lag \u00e1byrgra hundaeigenda","og_description":"Skattp\u00edning \u00e1 hundaeigendur Flest sveitarf\u00e9l\u00f6g landsins krefja hundaeigendur um eftirlitsgjald. Samkv\u00e6mt l\u00f6gum um hollustuh\u00e6tti og mengunarvarnir 7\/1998 m\u00e1 ekki n\u00fdta \u00feessa fj\u00e1rmuni \u00ed anna\u00f0 en \u00fea\u00f0 sem kostar a\u00f0 halda uppi hundaeftirliti. (59 gr. Gj\u00f6ld mega aldrei vera h\u00e6rri en sem nemur r\u00f6kstuddum kostna\u00f0i vi\u00f0 veitta \u00fej\u00f3nustu e\u00f0a framkv\u00e6md eftirlits me\u00f0 einst\u00f6kum \u00fe\u00e1ttum.) St\u00e6rstu sveitarf\u00e9l\u00f6g [&hellip;]","og_url":"http:\/\/fah.is\/wordpress\/fah-malthing-2020-hvert-for-milljardurinn\/","og_site_name":"F\u00e9lag \u00e1byrgra hundaeigenda","article_modified_time":"2023-08-10T23:48:30+00:00","og_image":[{"url":"http:\/\/fah.is\/wordpress\/wp-content\/uploads\/2023\/08\/milljardurinn-tolur.jpg","type":"","width":"","height":""}],"twitter_card":"summary_large_image","twitter_misc":{"Est. reading time":"3 minutes"},"schema":{"@context":"https:\/\/schema.org","@graph":[{"@type":"WebPage","@id":"http:\/\/fah.is\/wordpress\/fah-malthing-2020-hvert-for-milljardurinn\/","url":"http:\/\/fah.is\/wordpress\/fah-malthing-2020-hvert-for-milljardurinn\/","name":"F\u00c1H M\u00e1l\u00feing 2020 - hvert f\u00f3r milljar\u00f0urinn - F\u00e9lag \u00e1byrgra hundaeigenda","isPartOf":{"@id":"http:\/\/fah.is\/wordpress\/#website"},"primaryImageOfPage":{"@id":"http:\/\/fah.is\/wordpress\/fah-malthing-2020-hvert-for-milljardurinn\/#primaryimage"},"image":{"@id":"http:\/\/fah.is\/wordpress\/fah-malthing-2020-hvert-for-milljardurinn\/#primaryimage"},"thumbnailUrl":"http:\/\/fah.is\/wordpress\/wp-content\/uploads\/2023\/08\/milljardurinn-tolur.jpg","datePublished":"2023-08-10T23:48:27+00:00","dateModified":"2023-08-10T23:48:30+00:00","breadcrumb":{"@id":"http:\/\/fah.is\/wordpress\/fah-malthing-2020-hvert-for-milljardurinn\/#breadcrumb"},"inLanguage":"en-US","potentialAction":[{"@type":"ReadAction","target":["http:\/\/fah.is\/wordpress\/fah-malthing-2020-hvert-for-milljardurinn\/"]}]},{"@type":"ImageObject","inLanguage":"en-US","@id":"http:\/\/fah.is\/wordpress\/fah-malthing-2020-hvert-for-milljardurinn\/#primaryimage","url":"https:\/\/i0.wp.com\/fah.is\/wordpress\/wp-content\/uploads\/2023\/08\/milljardurinn-tolur.jpg?fit=861%2C501","contentUrl":"https:\/\/i0.wp.com\/fah.is\/wordpress\/wp-content\/uploads\/2023\/08\/milljardurinn-tolur.jpg?fit=861%2C501","width":861,"height":501},{"@type":"BreadcrumbList","@id":"http:\/\/fah.is\/wordpress\/fah-malthing-2020-hvert-for-milljardurinn\/#breadcrumb","itemListElement":[{"@type":"ListItem","position":1,"name":"Home","item":"https:\/\/fah.is\/wordpress\/"},{"@type":"ListItem","position":2,"name":"F\u00c1H M\u00e1l\u00feing 2020 &#8211; hvert f\u00f3r milljar\u00f0urinn"}]},{"@type":"WebSite","@id":"http:\/\/fah.is\/wordpress\/#website","url":"http:\/\/fah.is\/wordpress\/","name":"F\u00e9lag \u00e1byrgra hundaeigenda","description":"Vefs\u00ed\u00f0a F\u00e9lags \u00e1byrgra hundaeigenda","publisher":{"@id":"http:\/\/fah.is\/wordpress\/#organization"},"potentialAction":[{"@type":"SearchAction","target":{"@type":"EntryPoint","urlTemplate":"http:\/\/fah.is\/wordpress\/?s={search_term_string}"},"query-input":{"@type":"PropertyValueSpecification","valueRequired":true,"valueName":"search_term_string"}}],"inLanguage":"en-US"},{"@type":"Organization","@id":"http:\/\/fah.is\/wordpress\/#organization","name":"F\u00e9lag \u00e1byrgra hundaeigenda","url":"http:\/\/fah.is\/wordpress\/","logo":{"@type":"ImageObject","inLanguage":"en-US","@id":"http:\/\/fah.is\/wordpress\/#\/schema\/logo\/image\/","url":"https:\/\/i0.wp.com\/fah.is\/wordpress\/wp-content\/uploads\/2023\/01\/fah-hringur-white-shadow.png?fit=822%2C873","contentUrl":"https:\/\/i0.wp.com\/fah.is\/wordpress\/wp-content\/uploads\/2023\/01\/fah-hringur-white-shadow.png?fit=822%2C873","width":822,"height":873,"caption":"F\u00e9lag \u00e1byrgra hundaeigenda"},"image":{"@id":"http:\/\/fah.is\/wordpress\/#\/schema\/logo\/image\/"}}]}},"jetpack_sharing_enabled":true,"_links":{"self":[{"href":"http:\/\/fah.is\/wordpress\/wp-json\/wp\/v2\/pages\/253","targetHints":{"allow":["GET"]}}],"collection":[{"href":"http:\/\/fah.is\/wordpress\/wp-json\/wp\/v2\/pages"}],"about":[{"href":"http:\/\/fah.is\/wordpress\/wp-json\/wp\/v2\/types\/page"}],"author":[{"embeddable":true,"href":"http:\/\/fah.is\/wordpress\/wp-json\/wp\/v2\/users\/1"}],"replies":[{"embeddable":true,"href":"http:\/\/fah.is\/wordpress\/wp-json\/wp\/v2\/comments?post=253"}],"version-history":[{"count":1,"href":"http:\/\/fah.is\/wordpress\/wp-json\/wp\/v2\/pages\/253\/revisions"}],"predecessor-version":[{"id":257,"href":"http:\/\/fah.is\/wordpress\/wp-json\/wp\/v2\/pages\/253\/revisions\/257"}],"wp:attachment":[{"href":"http:\/\/fah.is\/wordpress\/wp-json\/wp\/v2\/media?parent=253"}],"curies":[{"name":"wp","href":"https:\/\/api.w.org\/{rel}","templated":true}]}}